{"id":16,"date":"2019-12-19T15:23:15","date_gmt":"2019-12-19T18:23:15","guid":{"rendered":"https:\/\/www.blogs.unicamp.br\/comunicacao\/?page_id=16"},"modified":"2019-12-19T15:23:15","modified_gmt":"2019-12-19T18:23:15","slug":"blogs-unicamp","status":"publish","type":"page","link":"https:\/\/www.blogs.unicamp.br\/comunicacao\/blogs-unicamp\/","title":{"rendered":"Blogs Unicamp"},"content":{"rendered":"<p>Este site faz parte da <a href=\"http:\/\/www.blogs.unicamp.br\">rede de Blogs de Ci\u00eancias da Unicamp<\/a>, desde 2019.<\/p>\n<p><a href=\"http:\/\/www.blogs.unicamp.br\" target=\"_blank\" rel=\"noopener noreferrer\"><img fetchpriority=\"high\" decoding=\"async\" src=\"https:\/\/www.blogs.unicamp.br\/coloraci\/wp-content\/uploads\/sites\/190\/2019\/12\/logo_-1024x561.png\" alt=\"\" width=\"750\" height=\"411\" class=\"aligncenter wp-image-17 size-large\" \/><\/a><\/p>\n<p>Por\u00e9m, o conte\u00fado aqui publicado \u00e9 de responsabilidade do(s) autore(s).<\/p>\n","protected":false},"excerpt":{"rendered":"<div class=\"mh-excerpt\"><p>Este site faz parte da rede de Blogs de Ci\u00eancias da Unicamp, desde 2019. Por\u00e9m, o conte\u00fado aqui publicado \u00e9 de responsabilidade do(s) autore(s).<\/p>\n<\/div>","protected":false},"author":125,"featured_media":0,"parent":0,"menu_order":0,"comment_status":"closed","ping_status":"closed","template":"","meta":{"_monsterinsights_skip_tracking":false,"_monsterinsights_sitenote_active":false,"_monsterinsights_sitenote_note":"","_monsterinsights_sitenote_category":0,"pgc_sgb_lightbox_settings":"","_vp_format_video_url":"","_vp_image_focal_point":[],"footnotes":""},"class_list":["post-16","page","type-page","status-publish","hentry"],"_links":{"self":[{"href":"https:\/\/www.blogs.unicamp.br\/comunicacao\/wp-json\/wp\/v2\/pages\/16","targetHints":{"allow":["GET"]}}],"collection":[{"href":"https:\/\/www.blogs.unicamp.br\/comunicacao\/wp-json\/wp\/v2\/pages"}],"about":[{"href":"https:\/\/www.blogs.unicamp.br\/comunicacao\/wp-json\/wp\/v2\/types\/page"}],"author":[{"embeddable":true,"href":"https:\/\/www.blogs.unicamp.br\/comunicacao\/wp-json\/wp\/v2\/users\/125"}],"replies":[{"embeddable":true,"href":"https:\/\/www.blogs.unicamp.br\/comunicacao\/wp-json\/wp\/v2\/comments?post=16"}],"version-history":[{"count":1,"href":"https:\/\/www.blogs.unicamp.br\/comunicacao\/wp-json\/wp\/v2\/pages\/16\/revisions"}],"predecessor-version":[{"id":17,"href":"https:\/\/www.blogs.unicamp.br\/comunicacao\/wp-json\/wp\/v2\/pages\/16\/revisions\/17"}],"wp:attachment":[{"href":"https:\/\/www.blogs.unicamp.br\/comunicacao\/wp-json\/wp\/v2\/media?parent=16"}],"curies":[{"name":"wp","href":"https:\/\/api.w.org\/{rel}","templated":true}]}}