{"id":75,"date":"2018-06-29T21:21:03","date_gmt":"2018-06-30T00:21:03","guid":{"rendered":"https:\/\/www.blogs.unicamp.br\/engenhariademagia\/?page_id=75"},"modified":"2021-11-10T16:13:58","modified_gmt":"2021-11-10T19:13:58","slug":"sobre","status":"publish","type":"page","link":"https:\/\/www.blogs.unicamp.br\/conexaona7ural\/sobre\/","title":{"rendered":"Sobre"},"content":{"rendered":"<p style=\"text-align: justify\">Bem vindo ao blog da Conex\u00e3o Na7ural.<\/p>\n<p style=\"text-align: justify\">Basicamente, para o homem sobreviver no planeta em que vive, precisa estabelecer varias conex\u00f5es com a natureza. Isto permite o uso da energia fornecida pela natureza, de tal modo que este possa produzir cada vez mais alimentos para si, ou at\u00e9 mesmo para seu pr\u00f3prio conforto.<br \/>\nExistem sete formas naturais de se extrair energia. Tais formas s\u00e3o a energia solar, a energia dos ventos, a energia h\u00eddrica, a energia geot\u00e9rmica, a energia dos oceanos, a energia nuclear e a energia da biomassa.<br \/>\nPor\u00e9m, ser\u00e1 que atualmente o homem est\u00e1 sabendo se conectar com a natureza? Ou melhor, ele realmente sabe utilizar a energia fornecida pelo seu planeta sem comprometer a si mesmo, al\u00e9m das pr\u00f3ximas gera\u00e7\u00f5es?<br \/>\nIsso \u00e9 o que pretendemos debater neste espa\u00e7o.<\/p>\n<p style=\"text-align: justify\">O objetivo da Conex\u00e3o Na7ural \u00e9 a divulga\u00e7\u00e3o cient\u00edfica relacionada a energia. Em outras palavras, estudos relacionados a fontes de energia, suprimento energ\u00e9tico, desenvolvimento sustent\u00e1vel, dentre outras possibilidades. Logo, este espa\u00e7o pode ser considerado um incentivo para aqueles que querem debater e se aprofundar com quest\u00f5es relacionadas a energia.<\/p>\n","protected":false},"excerpt":{"rendered":"<p>Bem vindo ao blog da Conex\u00e3o Na7ural. Basicamente, para o homem sobreviver no planeta em que vive, precisa estabelecer varias conex\u00f5es com a natureza. Isto permite o uso da energia fornecida pela natureza, de&#46;&#46;&#46;<\/p>\n","protected":false},"author":332,"featured_media":0,"parent":0,"menu_order":0,"comment_status":"closed","ping_status":"closed","template":"","meta":{"_eb_attr":"","_monsterinsights_skip_tracking":false,"_monsterinsights_sitenote_active":false,"_monsterinsights_sitenote_note":"","_monsterinsights_sitenote_category":0,"pgc_sgb_lightbox_settings":"","_vp_format_video_url":"","_vp_image_focal_point":[],"footnotes":""},"class_list":["post-75","page","type-page","status-publish","hentry"],"_links":{"self":[{"href":"https:\/\/www.blogs.unicamp.br\/conexaona7ural\/wp-json\/wp\/v2\/pages\/75","targetHints":{"allow":["GET"]}}],"collection":[{"href":"https:\/\/www.blogs.unicamp.br\/conexaona7ural\/wp-json\/wp\/v2\/pages"}],"about":[{"href":"https:\/\/www.blogs.unicamp.br\/conexaona7ural\/wp-json\/wp\/v2\/types\/page"}],"author":[{"embeddable":true,"href":"https:\/\/www.blogs.unicamp.br\/conexaona7ural\/wp-json\/wp\/v2\/users\/332"}],"replies":[{"embeddable":true,"href":"https:\/\/www.blogs.unicamp.br\/conexaona7ural\/wp-json\/wp\/v2\/comments?post=75"}],"version-history":[{"count":7,"href":"https:\/\/www.blogs.unicamp.br\/conexaona7ural\/wp-json\/wp\/v2\/pages\/75\/revisions"}],"predecessor-version":[{"id":1220,"href":"https:\/\/www.blogs.unicamp.br\/conexaona7ural\/wp-json\/wp\/v2\/pages\/75\/revisions\/1220"}],"wp:attachment":[{"href":"https:\/\/www.blogs.unicamp.br\/conexaona7ural\/wp-json\/wp\/v2\/media?parent=75"}],"curies":[{"name":"wp","href":"https:\/\/api.w.org\/{rel}","templated":true}]}}