{"id":727,"date":"2016-05-15T15:54:14","date_gmt":"2016-05-15T15:54:14","guid":{"rendered":"https:\/\/conscienciaanimalblog.wordpress.com\/?page_id=727"},"modified":"2016-05-15T15:54:14","modified_gmt":"2016-05-15T15:54:14","slug":"porque-e-tao-dificil-aceitar-que-os-peixes-sentem-dor","status":"publish","type":"page","link":"https:\/\/www.blogs.unicamp.br\/conscienciaanimal\/porque-e-tao-dificil-aceitar-que-os-peixes-sentem-dor\/","title":{"rendered":"Por que \u00e9 t\u00e3o dif\u00edcil aceitar que os peixes sentem dor?"},"content":{"rendered":"<h3 style=\"text-align:center\"><span style=\"color:#008000\">Embora j\u00e1 tenha sido demonstrado que os peixes possuem todo o aparato anat\u00f4mico-fisiol\u00f3gico que capta e processa est\u00edmulos nocivos, enviando respostas correspondentes, e que os peixes demonstram altera\u00e7\u00f5es comportamentais esperadas quando em situa\u00e7\u00f5es dolorosas, parece muito dif\u00edcil admitir que tais animais sintam dor&#8230;Tanto isso \u00e9 verdade, que ainda h\u00e1 autores (como o Dr. Rose e o Dr. Arlinghaus) que argumentam e defendem que os peixes n\u00e3o s\u00e3o capazes de sentir o sofrimento a n\u00edvel consciente. Mas por que isso acontece?<\/span><\/h3>\n<h3 style=\"text-align:center\"><span style=\"color:#008000\">Os peixes s\u00e3o os \u00fanicos animais vertebrados viventes que habitam permanentemente um ambiente bem diferente do nosso: as \u00e1guas. Tal fato naturalmente os distancia de n\u00f3s, das nossas pr\u00f3prias experi\u00eancias e das nossas pr\u00f3prias sensa\u00e7\u00f5es&#8230; A densidade da \u00e1gua \u00e9 bem maior que a aquela do ar, dando mais sustenta\u00e7\u00e3o ao corpo, mas tamb\u00e9m dificultando a movimenta\u00e7\u00e3o e o deslocamento em tal ambiente. A concentra\u00e7\u00e3o de oxig\u00eanio na \u00e1gua \u00e9 bem menor do que no ar, dificultando assim sua extra\u00e7\u00e3o e aproveitamento. A temperatura na \u00e1gua \u00e9 mais constante do que no ar, ou seja, leva mais tempo para ser alterada quando ocorre uma mudan\u00e7a no ambiente. Todas essas caracter\u00edsticas tornam o ambiente aqu\u00e1tico bem diferente do ambiente terrestre, ao qual n\u00f3s estamos acostumados, e isso j\u00e1 gera uma dificuldade para que n\u00f3s possamos compreender como os peixes se sentem ou o que mais os afeta.<\/span><\/h3>\n<h3 style=\"text-align:center\"><span style=\"color:#008000\">Al\u00e9m disso, os vertebrados mais derivados, especialmente os mam\u00edferos (incluindo aqui os seres humanos), tem express\u00f5es faciais e corporais muito caracter\u00edsticas, que geralmente s\u00e3o bem conservadas entre os animais desse grupo. Tal fato foi claramente explicitado e demonstrado no excelente livro de Darwin: &#8220;A express\u00e3o das emo\u00e7\u00f5es no homem e nos animais&#8221;. Assim, \u00e9 f\u00e1cil reconhecermos express\u00f5es indicativas de &#8220;alegria&#8221;, &#8220;excita\u00e7\u00e3o&#8221;, &#8220;dor&#8221;, &#8220;medo&#8221;, etc nos mam\u00edferos, o que facilita muito nossa aceita\u00e7\u00e3o de que esses animais sejam seres sencientes e, portanto, capazes de sofrerem conscientemente. Entretanto, em peixes isso se torna mais complicado para n\u00f3s, pois tais animais n\u00e3o demonstram tais express\u00f5es t\u00e3o caracter\u00edsticas como n\u00f3s as reconhecemos. Assim, torna-se naturalmente mais dif\u00edcil assumir que esses animais estejam sofrendo se n\u00e3o percebemos express\u00f5es corporais\/faciais correspondentes ou mesmo sem um grito de dor, ao menos que seja aud\u00edvel para n\u00f3s. <\/span><\/h3>\n<h3 style=\"text-align:center\"><span style=\"color:#008000\">Entretanto, com todas as demonstra\u00e7\u00f5es cient\u00edficas de que os peixes s\u00e3o realmente capazes de sentir dor a n\u00edvel consciente, n\u00f3s j\u00e1 temos raz\u00f5es suficientes para aceitar que esses animais s\u00e3o sim capazes de sentir dor. Ali\u00e1s, novos achados cient\u00edficos tem levantado a ideia de que a sensa\u00e7\u00e3o de dor est\u00e1 presente tamb\u00e9m em alguns animais invertebrados. Isso faz muito sentido quando pensamos que sentir dor deve ser uma caracter\u00edstica muito adaptativa, pois permite evitar est\u00edmulos nocivos que possam prejudicar o organismo, e que a evolu\u00e7\u00e3o geralmente caminha a passos bem graduais ao longo do tempo. Dessa forma poder\u00edamos (e dever\u00edamos!) aceitar mais facilmente que os peixes sentem dor&#8230; <\/span><\/h3>\n<h3 style=\"text-align:center\"><span style=\"color:#008000\">Mas h\u00e1 ainda um \u00faltimo entrave que dificulta essa nossa aceita\u00e7\u00e3o, e talvez esse seja o mais dif\u00edcil de ser superado. Se n\u00f3s aceitamos que os peixes podem sofrer, por considera\u00e7\u00f5es \u00e9ticas, devemos mudar nossas atitudes em rela\u00e7\u00e3o as atividades de produ\u00e7\u00e3o, cria\u00e7\u00e3o, manejo, pesca e lazer que envolvem esses animais. Pratos de culin\u00e1ria em que os peixes chegam at\u00e9 os clientes, parcialmente cozidos, mas ainda movimentando o op\u00e9rculo (estrutura que protege as br\u00e2nquias), parecem mais do que inaceit\u00e1veis. Atividades de pesque e solte, que envolve a captura dos peixes com anzol e a remo\u00e7\u00e3o deste para liberar os peixes na \u00e1gua novamente, provavelmente gerando muita dor e inj\u00farias apenas por puro prazer humano, tamb\u00e9m passam a ser inaceit\u00e1veis. Isso ainda levanta outros questionamentos, como por exemplo, qual seria a melhor forma de sacrificar os peixes em experimentos ou mesmo em pescarias? Com certeza n\u00e3o deve ser por hip\u00f3xia ap\u00f3s serem removidos do ambiente aqu\u00e1tico e deixados para morrer fora da \u00e1gua&#8230;Pense que isso seria o equivalente a afogar um mam\u00edfero na \u00e1gua!<\/span><\/h3>\n<h3 style=\"text-align:center\"><span style=\"color:#008000\">Assim, parece ser dif\u00edcil para a maioria de n\u00f3s aceitar que os peixes sejam realmente capazes de sentir dor, pois muitas das nossas atividades que envolvem esses animais teriam que ser radicalmente modificadas, ou mesmo banidas. Mas, com base em tudo que foi mencionado, est\u00e1 mais do que na hora de repensarmos nossas atitudes em rela\u00e7\u00f5es aos peixes, de sairmos de nossa zona de conforto e mudarmos nossas atitudes, pois h\u00e1 motivos mais do que suficientes para isso!<\/span><\/h3>\n<p>&nbsp;<\/p>\n","protected":false},"excerpt":{"rendered":"<p>Embora j\u00e1 tenha sido demonstrado que os peixes possuem todo o aparato anat\u00f4mico-fisiol\u00f3gico que capta e processa est\u00edmulos nocivos, enviando respostas correspondentes, e que os peixes demonstram altera\u00e7\u00f5es comportamentais esperadas quando em situa\u00e7\u00f5es dolorosas, parece muito dif\u00edcil admitir que tais animais sintam dor&#8230;Tanto isso \u00e9 verdade, que ainda h\u00e1 autores (como o Dr. Rose e&#8230; <\/p>\n<div class=\"link-more\"><a href=\"https:\/\/www.blogs.unicamp.br\/conscienciaanimal\/porque-e-tao-dificil-aceitar-que-os-peixes-sentem-dor\/\">Leia mais<\/a><\/div>\n","protected":false},"author":624,"featured_media":0,"parent":0,"menu_order":0,"comment_status":"closed","ping_status":"closed","template":"","meta":{"_monsterinsights_skip_tracking":false,"_monsterinsights_sitenote_active":false,"_monsterinsights_sitenote_note":"","_monsterinsights_sitenote_category":0,"pgc_sgb_lightbox_settings":"","_vp_format_video_url":"","_vp_image_focal_point":[],"footnotes":""},"class_list":["post-727","page","type-page","status-publish","hentry"],"_links":{"self":[{"href":"https:\/\/www.blogs.unicamp.br\/conscienciaanimal\/wp-json\/wp\/v2\/pages\/727","targetHints":{"allow":["GET"]}}],"collection":[{"href":"https:\/\/www.blogs.unicamp.br\/conscienciaanimal\/wp-json\/wp\/v2\/pages"}],"about":[{"href":"https:\/\/www.blogs.unicamp.br\/conscienciaanimal\/wp-json\/wp\/v2\/types\/page"}],"author":[{"embeddable":true,"href":"https:\/\/www.blogs.unicamp.br\/conscienciaanimal\/wp-json\/wp\/v2\/users\/624"}],"replies":[{"embeddable":true,"href":"https:\/\/www.blogs.unicamp.br\/conscienciaanimal\/wp-json\/wp\/v2\/comments?post=727"}],"version-history":[{"count":0,"href":"https:\/\/www.blogs.unicamp.br\/conscienciaanimal\/wp-json\/wp\/v2\/pages\/727\/revisions"}],"wp:attachment":[{"href":"https:\/\/www.blogs.unicamp.br\/conscienciaanimal\/wp-json\/wp\/v2\/media?parent=727"}],"curies":[{"name":"wp","href":"https:\/\/api.w.org\/{rel}","templated":true}]}}