{"id":37,"date":"2019-11-27T15:22:59","date_gmt":"2019-11-27T18:22:59","guid":{"rendered":"https:\/\/www.blogs.unicamp.br\/dnaexplica\/?page_id=37"},"modified":"2020-05-06T10:43:06","modified_gmt":"2020-05-06T13:43:06","slug":"apresentacao","status":"publish","type":"page","link":"https:\/\/www.blogs.unicamp.br\/dnaexplica\/apresentacao\/","title":{"rendered":"Apresenta\u00e7\u00e3o"},"content":{"rendered":"<p class=\"p1\">O <strong><em>DNA explica<\/em><\/strong>\u00a0\u00e9 um blog feito pelos integrantes do <a href=\"https:\/\/lagm.cbmeg.unicamp.br\/index.html\">Laborat\u00f3rio de An\u00e1lise Gen\u00e9tica e Molecular (LAGM)<\/a> da Universidade Estadual de Campinas (Unicamp).<\/p>\n<p class=\"p1\">Temos diversos interesses cient\u00edficos e gostar\u00edamos de usar este espa\u00e7o para compartilh\u00e1-los com voc\u00eas! A Gen\u00e9tica, da cl\u00e1ssica \u00e0 molecular, \u00e9 o nosso grande tema.\u00a0 De maneira mais espec\u00edfica, os t\u00f3picos a que nos dedicamos mais frequentemente s\u00e3o o melhoramento gen\u00e9tico de esp\u00e9cies de interesse agron\u00f4mico, a diversidade de esp\u00e9cies nativas, a din\u00e2mica evolutiva de popula\u00e7\u00f5es vegetais e o uso de micro-organismos em processos biotecnol\u00f3gicos. Temos tamb\u00e9m uma frente dedicada ao Ensino de Biologia.<\/p>\n<p class=\"p1\">Estender a todos os conhecimentos que adquirimos e produzimos \u00e9 nosso prazer e nossa miss\u00e3o. A Ci\u00eancia impulsiona o desenvolvimento social ao equipar as pessoas com informa\u00e7\u00f5es que guiam a tomada esclarecida de decis\u00f5es e promovem uma compreens\u00e3o mais instru\u00edda do mundo. Sintam-se \u00e0 vontade para pedir nossa ajuda como intermedi\u00e1rios deste processo. O <strong><em>DNA explica<\/em><\/strong> est\u00e1 a (esta) disposi\u00e7\u00e3o.<\/p>\n","protected":false},"excerpt":{"rendered":"<p>O DNA explica\u00a0\u00e9 um blog feito pelos integrantes do Laborat\u00f3rio de An\u00e1lise Gen\u00e9tica e Molecular (LAGM) da Universidade Estadual de Campinas (Unicamp). Temos diversos interesses cient\u00edficos e gostar\u00edamos de usar este espa\u00e7o para compartilh\u00e1-los com voc\u00eas! A Gen\u00e9tica, da cl\u00e1ssica \u00e0 molecular, \u00e9 o nosso grande tema.\u00a0 De maneira mais espec\u00edfica, os t\u00f3picos a que nos dedicamos mais frequentemente s\u00e3o o melhoramento gen\u00e9tico de esp\u00e9cies de interesse agron\u00f4mico, a diversidade de esp\u00e9cies nativas, a din\u00e2mica evolutiva de popula\u00e7\u00f5es vegetais e&#8230;<\/p>\n<p class=\"read-more\"><a class=\"btn btn-default\" href=\"https:\/\/www.blogs.unicamp.br\/dnaexplica\/apresentacao\/\"> Read More<span class=\"screen-reader-text\">  Read More<\/span><\/a><\/p>\n","protected":false},"author":449,"featured_media":0,"parent":0,"menu_order":0,"comment_status":"closed","ping_status":"closed","template":"","meta":{"_monsterinsights_skip_tracking":false,"_monsterinsights_sitenote_active":false,"_monsterinsights_sitenote_note":"","_monsterinsights_sitenote_category":0,"pgc_sgb_lightbox_settings":"","_vp_format_video_url":"","_vp_image_focal_point":[],"footnotes":""},"class_list":["post-37","page","type-page","status-publish","hentry"],"_links":{"self":[{"href":"https:\/\/www.blogs.unicamp.br\/dnaexplica\/wp-json\/wp\/v2\/pages\/37","targetHints":{"allow":["GET"]}}],"collection":[{"href":"https:\/\/www.blogs.unicamp.br\/dnaexplica\/wp-json\/wp\/v2\/pages"}],"about":[{"href":"https:\/\/www.blogs.unicamp.br\/dnaexplica\/wp-json\/wp\/v2\/types\/page"}],"author":[{"embeddable":true,"href":"https:\/\/www.blogs.unicamp.br\/dnaexplica\/wp-json\/wp\/v2\/users\/449"}],"replies":[{"embeddable":true,"href":"https:\/\/www.blogs.unicamp.br\/dnaexplica\/wp-json\/wp\/v2\/comments?post=37"}],"version-history":[{"count":6,"href":"https:\/\/www.blogs.unicamp.br\/dnaexplica\/wp-json\/wp\/v2\/pages\/37\/revisions"}],"predecessor-version":[{"id":229,"href":"https:\/\/www.blogs.unicamp.br\/dnaexplica\/wp-json\/wp\/v2\/pages\/37\/revisions\/229"}],"wp:attachment":[{"href":"https:\/\/www.blogs.unicamp.br\/dnaexplica\/wp-json\/wp\/v2\/media?parent=37"}],"curies":[{"name":"wp","href":"https:\/\/api.w.org\/{rel}","templated":true}]}}