{"id":56,"date":"2019-11-27T23:56:10","date_gmt":"2019-11-28T02:56:10","guid":{"rendered":"https:\/\/www.blogs.unicamp.br\/dnaexplica\/?page_id=56"},"modified":"2020-05-06T10:42:33","modified_gmt":"2020-05-06T13:42:33","slug":"fale-conosco","status":"publish","type":"page","link":"https:\/\/www.blogs.unicamp.br\/dnaexplica\/fale-conosco\/","title":{"rendered":"Fale conosco"},"content":{"rendered":"<p>Deseja saber mais sobre algum t\u00f3pico que abordamos?<\/p>\n<p>Algo n\u00e3o ficou claro?<\/p>\n<p>Gostaria de fazer uma sugest\u00e3o?<\/p>\n<p>Se pudermos ajudar de uma ou outra forma, escreva para <a href=\"mailto:dnaexplica@gmail.com\">dnaexplica@gmail.com<\/a> ou entre em contato pelo <a href=\"https:\/\/lagm.cbmeg.unicamp.br\">Site do LAGM<\/a>. Ser\u00e1 um prazer!<\/p>\n","protected":false},"excerpt":{"rendered":"<p>Deseja saber mais sobre algum t\u00f3pico que abordamos? Algo n\u00e3o ficou claro? Gostaria de fazer uma sugest\u00e3o? Se pudermos ajudar de uma ou outra forma, escreva para dnaexplica@gmail.com ou entre em contato pelo Site do LAGM. Ser\u00e1 um prazer!<\/p>\n","protected":false},"author":449,"featured_media":0,"parent":0,"menu_order":0,"comment_status":"closed","ping_status":"closed","template":"","meta":{"_monsterinsights_skip_tracking":false,"_monsterinsights_sitenote_active":false,"_monsterinsights_sitenote_note":"","_monsterinsights_sitenote_category":0,"pgc_sgb_lightbox_settings":"","_vp_format_video_url":"","_vp_image_focal_point":[],"footnotes":""},"class_list":["post-56","page","type-page","status-publish","hentry"],"_links":{"self":[{"href":"https:\/\/www.blogs.unicamp.br\/dnaexplica\/wp-json\/wp\/v2\/pages\/56","targetHints":{"allow":["GET"]}}],"collection":[{"href":"https:\/\/www.blogs.unicamp.br\/dnaexplica\/wp-json\/wp\/v2\/pages"}],"about":[{"href":"https:\/\/www.blogs.unicamp.br\/dnaexplica\/wp-json\/wp\/v2\/types\/page"}],"author":[{"embeddable":true,"href":"https:\/\/www.blogs.unicamp.br\/dnaexplica\/wp-json\/wp\/v2\/users\/449"}],"replies":[{"embeddable":true,"href":"https:\/\/www.blogs.unicamp.br\/dnaexplica\/wp-json\/wp\/v2\/comments?post=56"}],"version-history":[{"count":2,"href":"https:\/\/www.blogs.unicamp.br\/dnaexplica\/wp-json\/wp\/v2\/pages\/56\/revisions"}],"predecessor-version":[{"id":64,"href":"https:\/\/www.blogs.unicamp.br\/dnaexplica\/wp-json\/wp\/v2\/pages\/56\/revisions\/64"}],"wp:attachment":[{"href":"https:\/\/www.blogs.unicamp.br\/dnaexplica\/wp-json\/wp\/v2\/media?parent=56"}],"curies":[{"name":"wp","href":"https:\/\/api.w.org\/{rel}","templated":true}]}}