{"id":3260,"date":"2024-03-06T11:38:03","date_gmt":"2024-03-06T14:38:03","guid":{"rendered":"https:\/\/www.blogs.unicamp.br\/ebdc\/?page_id=3260"},"modified":"2024-04-17T14:00:20","modified_gmt":"2024-04-17T17:00:20","slug":"oficinas","status":"publish","type":"page","link":"https:\/\/www.blogs.unicamp.br\/ebdc\/oficinas\/","title":{"rendered":"Oficinas"},"content":{"rendered":"\t\t<div data-elementor-type=\"wp-page\" data-elementor-id=\"3260\" class=\"elementor elementor-3260\" data-elementor-settings=\"{&quot;ha_cmc_init_switcher&quot;:&quot;no&quot;}\">\n\t\t\t\t<div class=\"elementor-element elementor-element-8d590f2 e-flex e-con-boxed jltma-glass-effect-no e-con e-parent\" data-id=\"8d590f2\" data-element_type=\"container\" data-e-type=\"container\" data-settings=\"{&quot;_ha_eqh_enable&quot;:false}\">\n\t\t\t\t\t<div class=\"e-con-inner\">\n\t\t\t\t<div class=\"elementor-element elementor-element-5774c8d jltma-glass-effect-no elementor-widget elementor-widget-image\" data-id=\"5774c8d\" data-element_type=\"widget\" data-e-type=\"widget\" data-widget_type=\"image.default\">\n\t\t\t\t<div class=\"elementor-widget-container\">\n\t\t\t\t\t\t\t\t\t\t\t\t\t\t\t<img decoding=\"async\" src=\"https:\/\/www.blogs.unicamp.br\/ebdc\/wp-content\/uploads\/sites\/284\/2024\/03\/Abertura_oficinas_1.webp\" title=\"\" alt=\"\" loading=\"lazy\" \/>\t\t\t\t\t\t\t\t\t\t\t\t\t\t\t<\/div>\n\t\t\t\t<\/div>\n\t\t\t\t<div class=\"elementor-element elementor-element-fc7b686 jltma-glass-effect-no elementor-widget elementor-widget-heading\" data-id=\"fc7b686\" data-element_type=\"widget\" data-e-type=\"widget\" data-widget_type=\"heading.default\">\n\t\t\t\t<div class=\"elementor-widget-container\">\n\t\t\t\t\t<h2 class=\"elementor-heading-title elementor-size-default\">Submiss\u00e3o de oficinas para o III EBDC<\/h2>\t\t\t\t<\/div>\n\t\t\t\t<\/div>\n\t\t\t\t<div class=\"elementor-element elementor-element-a504489 elementor-widget__width-initial jltma-glass-effect-no elementor-widget elementor-widget-text-editor\" data-id=\"a504489\" data-element_type=\"widget\" data-e-type=\"widget\" data-widget_type=\"text-editor.default\">\n\t\t\t\t<div class=\"elementor-widget-container\">\n\t\t\t\t\t\t\t\t\t<p>As oficinas proporcionar\u00e3o oportunidades para os participantes da modalidade presencial do III EBDC trabalharem e aprenderem de forma pr\u00e1tica.<\/p><p>Por isso, essas atividades devem estar diretamente conectadas ao tema &#8220;Educa\u00e7\u00e3o, Ci\u00eancia e Arte&#8221;. As oficinas podem ser propostas por pesquisadores e divulgadores de ci\u00eancia profissionais e amadores, atendendo ao limite m\u00e1ximo de tr\u00eas proponentes por oficina.<\/p><p>A disponibiliza\u00e7\u00e3o de recursos audiovisuais e outros materiais est\u00e1 condicionada \u00e0 proposta enviada no momento de submiss\u00e3o.<\/p><p>A comiss\u00e3o organizadora se reserva ao direito de recusar materiais sugeridos posteriormente \u00e0 divulga\u00e7\u00e3o dos resultados.<\/p><p>O III EBDC ser\u00e1 realizado presencialmente entre os dias 15 a 17 de novembro de 2024 no Instituto Principia (localizado na Rua Pamplona, 145 \u2014 Bela Vista, S\u00e3o Paulo\/SP) e haver\u00e1 transmiss\u00e3o simult\u00e2nea on-line de suas mesas redondas pelo canal do instituto.<\/p><p>\u00a0<\/p>\t\t\t\t\t\t\t\t<\/div>\n\t\t\t\t<\/div>\n\t\t\t\t<div class=\"elementor-element elementor-element-85fd145 elementor-align-center jltma-glass-effect-no elementor-widget elementor-widget-button\" data-id=\"85fd145\" data-element_type=\"widget\" data-e-type=\"widget\" data-widget_type=\"button.default\">\n\t\t\t\t<div class=\"elementor-widget-container\">\n\t\t\t\t\t\t\t\t\t<div class=\"elementor-button-wrapper\">\n\t\t\t\t\t<a class=\"elementor-button elementor-button-link elementor-size-lg elementor-animation-shrink\" href=\"https:\/\/drive.google.com\/file\/d\/1kTcNWRX_prGxQOmXkRU15QjF4RuCmJ5H\/view?usp=drive_link\" target=\"_blank\" rel=\"noopener\">\n\t\t\t\t\t\t<span class=\"elementor-button-content-wrapper\">\n\t\t\t\t\t\t<span class=\"elementor-button-icon\">\n\t\t\t\t<i aria-hidden=\"true\" class=\"elementor-icons eicon-star\"><\/i>\t\t\t<\/span>\n\t\t\t\t\t\t\t\t\t<span class=\"elementor-button-text\">RESULTADO<\/span>\n\t\t\t\t\t<\/span>\n\t\t\t\t\t<\/a>\n\t\t\t\t<\/div>\n\t\t\t\t\t\t\t\t<\/div>\n\t\t\t\t<\/div>\n\t\t\t\t<div class=\"elementor-element elementor-element-6d4c3f8 elementor-align-center jltma-glass-effect-no elementor-widget elementor-widget-button\" data-id=\"6d4c3f8\" data-element_type=\"widget\" data-e-type=\"widget\" data-widget_type=\"button.default\">\n\t\t\t\t<div class=\"elementor-widget-container\">\n\t\t\t\t\t\t\t\t\t<div class=\"elementor-button-wrapper\">\n\t\t\t\t\t<a class=\"elementor-button elementor-button-link elementor-size-sm elementor-animation-shrink\" href=\"https:\/\/drive.google.com\/file\/d\/1N8p3NCJvvzDvgvhQG4xepQUcIKFAbGha\/view?usp=sharing\" target=\"_blank\" rel=\"noopener\">\n\t\t\t\t\t\t<span class=\"elementor-button-content-wrapper\">\n\t\t\t\t\t\t\t\t\t<span class=\"elementor-button-text\">Acesse o edital completo<\/span>\n\t\t\t\t\t<\/span>\n\t\t\t\t\t<\/a>\n\t\t\t\t<\/div>\n\t\t\t\t\t\t\t\t<\/div>\n\t\t\t\t<\/div>\n\t\t\t\t\t<\/div>\n\t\t\t\t<\/div>\n\t\t\t\t<\/div>\n\t\t","protected":false},"excerpt":{"rendered":"<p>Submiss\u00e3o de oficinas para o III EBDC As oficinas proporcionar\u00e3o oportunidades para os participantes da modalidade presencial do III EBDC trabalharem e aprenderem de forma pr\u00e1tica. Por isso, essas atividades devem estar diretamente conectadas ao tema &#8220;Educa\u00e7\u00e3o, Ci\u00eancia e Arte&#8221;. As oficinas podem ser propostas por pesquisadores e divulgadores de ci\u00eancia profissionais e amadores, atendendo [&hellip;]<\/p>\n","protected":false},"author":125,"featured_media":0,"parent":0,"menu_order":0,"comment_status":"closed","ping_status":"closed","template":"","meta":{"_monsterinsights_skip_tracking":false,"_monsterinsights_sitenote_active":false,"_monsterinsights_sitenote_note":"","_monsterinsights_sitenote_category":0,"pgc_sgb_lightbox_settings":"","_vp_format_video_url":"","_vp_image_focal_point":[],"footnotes":""},"class_list":["post-3260","page","type-page","status-publish","hentry"],"_links":{"self":[{"href":"https:\/\/www.blogs.unicamp.br\/ebdc\/wp-json\/wp\/v2\/pages\/3260","targetHints":{"allow":["GET"]}}],"collection":[{"href":"https:\/\/www.blogs.unicamp.br\/ebdc\/wp-json\/wp\/v2\/pages"}],"about":[{"href":"https:\/\/www.blogs.unicamp.br\/ebdc\/wp-json\/wp\/v2\/types\/page"}],"author":[{"embeddable":true,"href":"https:\/\/www.blogs.unicamp.br\/ebdc\/wp-json\/wp\/v2\/users\/125"}],"replies":[{"embeddable":true,"href":"https:\/\/www.blogs.unicamp.br\/ebdc\/wp-json\/wp\/v2\/comments?post=3260"}],"version-history":[{"count":24,"href":"https:\/\/www.blogs.unicamp.br\/ebdc\/wp-json\/wp\/v2\/pages\/3260\/revisions"}],"predecessor-version":[{"id":3421,"href":"https:\/\/www.blogs.unicamp.br\/ebdc\/wp-json\/wp\/v2\/pages\/3260\/revisions\/3421"}],"wp:attachment":[{"href":"https:\/\/www.blogs.unicamp.br\/ebdc\/wp-json\/wp\/v2\/media?parent=3260"}],"curies":[{"name":"wp","href":"https:\/\/api.w.org\/{rel}","templated":true}]}}