{"id":4294,"date":"2024-11-15T23:07:26","date_gmt":"2024-11-16T02:07:26","guid":{"rendered":"https:\/\/www.blogs.unicamp.br\/ebdc\/?page_id=4294"},"modified":"2024-11-15T23:09:32","modified_gmt":"2024-11-16T02:09:32","slug":"resumos-2023","status":"publish","type":"page","link":"https:\/\/www.blogs.unicamp.br\/ebdc\/resumos-2023\/","title":{"rendered":"Caderno de Resumos | 2023"},"content":{"rendered":"\t\t<div data-elementor-type=\"wp-page\" data-elementor-id=\"4294\" class=\"elementor elementor-4294\" data-elementor-settings=\"{&quot;ha_cmc_init_switcher&quot;:&quot;no&quot;}\">\n\t\t\t\t<div class=\"elementor-element elementor-element-952a320 e-flex e-con-boxed jltma-glass-effect-no e-con e-child\" data-id=\"952a320\" data-element_type=\"container\" data-e-type=\"container\" data-settings=\"{&quot;_ha_eqh_enable&quot;:false}\">\n\t\t\t\t\t<div class=\"e-con-inner\">\n\t\t\t\t<div class=\"elementor-element elementor-element-be9d88a jltma-glass-effect-no elementor-widget elementor-widget-image\" data-id=\"be9d88a\" data-element_type=\"widget\" data-e-type=\"widget\" data-widget_type=\"image.default\">\n\t\t\t\t<div class=\"elementor-widget-container\">\n\t\t\t\t\t\t\t\t\t\t\t\t\t\t\t<img fetchpriority=\"high\" decoding=\"async\" width=\"800\" height=\"800\" src=\"https:\/\/www.blogs.unicamp.br\/ebdc\/wp-content\/uploads\/sites\/284\/2024\/11\/caderno_resumos_23_1-1024x1024.webp\" class=\"attachment-large size-large wp-image-4310\" alt=\"\" srcset=\"https:\/\/www.blogs.unicamp.br\/ebdc\/wp-content\/uploads\/sites\/284\/2024\/11\/caderno_resumos_23_1-1024x1024.webp 1024w, https:\/\/www.blogs.unicamp.br\/ebdc\/wp-content\/uploads\/sites\/284\/2024\/11\/caderno_resumos_23_1-300x300.webp 300w, https:\/\/www.blogs.unicamp.br\/ebdc\/wp-content\/uploads\/sites\/284\/2024\/11\/caderno_resumos_23_1-150x150.webp 150w, https:\/\/www.blogs.unicamp.br\/ebdc\/wp-content\/uploads\/sites\/284\/2024\/11\/caderno_resumos_23_1-768x768.webp 768w, https:\/\/www.blogs.unicamp.br\/ebdc\/wp-content\/uploads\/sites\/284\/2024\/11\/caderno_resumos_23_1-500x500.webp 500w, https:\/\/www.blogs.unicamp.br\/ebdc\/wp-content\/uploads\/sites\/284\/2024\/11\/caderno_resumos_23_1-800x800.webp 800w, https:\/\/www.blogs.unicamp.br\/ebdc\/wp-content\/uploads\/sites\/284\/2024\/11\/caderno_resumos_23_1.webp 1080w\" sizes=\"(max-width: 800px) 100vw, 800px\" \/>\t\t\t\t\t\t\t\t\t\t\t\t\t\t\t<\/div>\n\t\t\t\t<\/div>\n\t\t<div class=\"elementor-element elementor-element-b94934b e-con-full e-flex jltma-glass-effect-no e-con e-child\" data-id=\"b94934b\" data-element_type=\"container\" data-e-type=\"container\" data-settings=\"{&quot;shape_divider_top&quot;:&quot;split&quot;,&quot;_ha_eqh_enable&quot;:false}\">\n\t\t\t\t<div class=\"elementor-shape elementor-shape-top\" aria-hidden=\"true\" data-negative=\"false\">\n\t\t\t<svg xmlns=\"http:\/\/www.w3.org\/2000\/svg\" viewBox=\"0 0 1000 20\" preserveAspectRatio=\"none\">\n\t<path class=\"elementor-shape-fill\" d=\"M0,0v3c0,0,393.8,0,483.4,0c9.2,0,16.6,7.4,16.6,16.6c0-9.1,7.4-16.6,16.6-16.6C606.2,3,1000,3,1000,3V0H0z\"\/>\n<\/svg>\t\t<\/div>\n\t\t\t\t<div class=\"elementor-element elementor-element-cdb429c jltma-glass-effect-no elementor-widget elementor-widget-heading\" data-id=\"cdb429c\" data-element_type=\"widget\" data-e-type=\"widget\" data-widget_type=\"heading.default\">\n\t\t\t\t<div class=\"elementor-widget-container\">\n\t\t\t\t\t<h2 class=\"elementor-heading-title elementor-size-default\">II Encontro Brasileiro de Divulgadores de Ci\u00eancia<\/h2>\t\t\t\t<\/div>\n\t\t\t\t<\/div>\n\t\t\t\t<div class=\"elementor-element elementor-element-69e160f jltma-glass-effect-no elementor-widget elementor-widget-heading\" data-id=\"69e160f\" data-element_type=\"widget\" data-e-type=\"widget\" data-widget_type=\"heading.default\">\n\t\t\t\t<div class=\"elementor-widget-container\">\n\t\t\t\t\t<h2 class=\"elementor-heading-title elementor-size-default\">Ci\u00eancia, Comunica\u00e7\u00e3o e Pol\u00edtica: Motores de mudan\u00e7a da sociedade<\/h2>\t\t\t\t<\/div>\n\t\t\t\t<\/div>\n\t\t<div class=\"elementor-element elementor-element-da93c11 e-con-full e-flex jltma-glass-effect-no e-con e-child\" data-id=\"da93c11\" data-element_type=\"container\" data-e-type=\"container\" data-settings=\"{&quot;_ha_eqh_enable&quot;:false}\">\n\t\t<div class=\"elementor-element elementor-element-957620c e-con-full e-flex jltma-glass-effect-no e-con e-child\" data-id=\"957620c\" data-element_type=\"container\" data-e-type=\"container\" data-settings=\"{&quot;_ha_eqh_enable&quot;:false}\">\n\t\t\t\t<div class=\"elementor-element elementor-element-ad5d1dc jltma-glass-effect-no elementor-widget elementor-widget-text-editor\" data-id=\"ad5d1dc\" data-element_type=\"widget\" data-e-type=\"widget\" data-widget_type=\"text-editor.default\">\n\t\t\t\t<div class=\"elementor-widget-container\">\n\t\t\t\t\t\t\t\t\t<p>Caderno de Resumos do II EBDC.<\/p>\t\t\t\t\t\t\t\t<\/div>\n\t\t\t\t<\/div>\n\t\t\t\t<div class=\"elementor-element elementor-element-88731b4 pa-icon-pos-before jltma-glass-effect-no elementor-widget elementor-widget-premium-addon-image-button\" data-id=\"88731b4\" data-element_type=\"widget\" data-e-type=\"widget\" data-widget_type=\"premium-addon-image-button.default\">\n\t\t\t\t<div class=\"elementor-widget-container\">\n\t\t\t\t\t\n\t\t<a class=\"premium-image-button-none premium-image-button premium-btn-lg premium-image-button-none\" href=\"https:\/\/drive.google.com\/file\/d\/1PMf9ARYI8r-RCc46dlBj2nqzSEjU4Jok\/view?usp=drive_link\" target=\"_blank\" rel=\"noopener\">\n\t\t\t<div class=\"premium-image-button-text-icon-wrapper\">\n\n\t\t\t\t\t\t\t\t\t\t\t\t\t\t\t\t\t\t\t\t\t\t<i class=\"premium-svg-nodraw premium-drawable-icon fab fa-google-drive\" aria-hidden=\"true\"><\/i>\t\t\t\t\t\t\t\t\t\t\t\t\t\t\t\n\t\t\t\t\t\t\t\t\t<span >\n\t\t\t\t\t\tAcesse aqui\t\t\t\t\t<\/span>\n\t\t\t\t\n\t\t\t<\/div>\n\n\t\t\t\n\t\t\t\n\t\t\t\n\t\t<\/a>\n\n\t\t\t\t\t\t<\/div>\n\t\t\t\t<\/div>\n\t\t\t\t<\/div>\n\t\t\t\t<\/div>\n\t\t\t\t<\/div>\n\t\t\t\t\t<\/div>\n\t\t\t\t<\/div>\n\t\t\t\t<\/div>\n\t\t","protected":false},"excerpt":{"rendered":"<p>II Encontro Brasileiro de Divulgadores de Ci\u00eancia Ci\u00eancia, Comunica\u00e7\u00e3o e Pol\u00edtica: Motores de mudan\u00e7a da sociedade Caderno de Resumos do II EBDC. Acesse aqui<\/p>\n","protected":false},"author":125,"featured_media":4310,"parent":0,"menu_order":0,"comment_status":"closed","ping_status":"closed","template":"","meta":{"_monsterinsights_skip_tracking":false,"_monsterinsights_sitenote_active":false,"_monsterinsights_sitenote_note":"","_monsterinsights_sitenote_category":0,"pgc_sgb_lightbox_settings":"","_vp_format_video_url":"","_vp_image_focal_point":[],"footnotes":""},"class_list":["post-4294","page","type-page","status-publish","has-post-thumbnail","hentry"],"_links":{"self":[{"href":"https:\/\/www.blogs.unicamp.br\/ebdc\/wp-json\/wp\/v2\/pages\/4294","targetHints":{"allow":["GET"]}}],"collection":[{"href":"https:\/\/www.blogs.unicamp.br\/ebdc\/wp-json\/wp\/v2\/pages"}],"about":[{"href":"https:\/\/www.blogs.unicamp.br\/ebdc\/wp-json\/wp\/v2\/types\/page"}],"author":[{"embeddable":true,"href":"https:\/\/www.blogs.unicamp.br\/ebdc\/wp-json\/wp\/v2\/users\/125"}],"replies":[{"embeddable":true,"href":"https:\/\/www.blogs.unicamp.br\/ebdc\/wp-json\/wp\/v2\/comments?post=4294"}],"version-history":[{"count":4,"href":"https:\/\/www.blogs.unicamp.br\/ebdc\/wp-json\/wp\/v2\/pages\/4294\/revisions"}],"predecessor-version":[{"id":4314,"href":"https:\/\/www.blogs.unicamp.br\/ebdc\/wp-json\/wp\/v2\/pages\/4294\/revisions\/4314"}],"wp:featuredmedia":[{"embeddable":true,"href":"https:\/\/www.blogs.unicamp.br\/ebdc\/wp-json\/wp\/v2\/media\/4310"}],"wp:attachment":[{"href":"https:\/\/www.blogs.unicamp.br\/ebdc\/wp-json\/wp\/v2\/media?parent=4294"}],"curies":[{"name":"wp","href":"https:\/\/api.w.org\/{rel}","templated":true}]}}