{"id":114,"date":"2016-10-25T21:04:30","date_gmt":"2016-10-25T23:04:30","guid":{"rendered":"https:\/\/www.blogs.unicamp.br\/ensinogeo\/?page_id=114"},"modified":"2016-10-25T21:27:56","modified_gmt":"2016-10-25T23:27:56","slug":"blogring","status":"publish","type":"page","link":"https:\/\/www.blogs.unicamp.br\/ensinogeo\/blogring\/","title":{"rendered":"Blogring"},"content":{"rendered":"<div class=\"entry-content clearfix\">\n<p>O blog do EnsinoGeo faz parte de uma rede blogs de divulga\u00e7\u00e3o cient\u00edfica da Universidade Estadual de Campinas (UNICAMP). Assim, se voc\u00ea quiser conhecer mais desse projeto e ter acesso aos demais blogs que fazem parte desta rede, segue o link de acesso para o Bloring:<\/p>\n<p><a href=\"https:\/\/www.blogs.unicamp.br\/\" target=\"_blank\" rel=\"attachment wp-att-102\"><img decoding=\"async\" class=\" wp-image-102 alignleft\" src=\"https:\/\/www.blogs.unicamp.br\/lantec\/wp-content\/uploads\/sites\/4\/2016\/03\/04-300x101.png\" alt=\"04\" width=\"280\" height=\"94\" \/><\/a><\/p>\n<\/div>\n","protected":false},"excerpt":{"rendered":"<div class=\"mh-excerpt\"><p>O blog do EnsinoGeo faz parte de uma rede blogs de divulga\u00e7\u00e3o cient\u00edfica da Universidade Estadual de Campinas (UNICAMP). Assim, se voc\u00ea quiser conhecer mais <a class=\"mh-excerpt-more\" href=\"https:\/\/www.blogs.unicamp.br\/ensinogeo\/blogring\/\" title=\"Blogring\">[&#8230;]<\/a><\/p>\n<\/div>","protected":false},"author":59,"featured_media":0,"parent":0,"menu_order":0,"comment_status":"closed","ping_status":"closed","template":"","meta":{"_monsterinsights_skip_tracking":false,"_monsterinsights_sitenote_active":false,"_monsterinsights_sitenote_note":"","_monsterinsights_sitenote_category":0,"pgc_sgb_lightbox_settings":"","_vp_format_video_url":"","_vp_image_focal_point":[],"footnotes":""},"class_list":["post-114","page","type-page","status-publish","hentry"],"_links":{"self":[{"href":"https:\/\/www.blogs.unicamp.br\/ensinogeo\/wp-json\/wp\/v2\/pages\/114","targetHints":{"allow":["GET"]}}],"collection":[{"href":"https:\/\/www.blogs.unicamp.br\/ensinogeo\/wp-json\/wp\/v2\/pages"}],"about":[{"href":"https:\/\/www.blogs.unicamp.br\/ensinogeo\/wp-json\/wp\/v2\/types\/page"}],"author":[{"embeddable":true,"href":"https:\/\/www.blogs.unicamp.br\/ensinogeo\/wp-json\/wp\/v2\/users\/59"}],"replies":[{"embeddable":true,"href":"https:\/\/www.blogs.unicamp.br\/ensinogeo\/wp-json\/wp\/v2\/comments?post=114"}],"version-history":[{"count":2,"href":"https:\/\/www.blogs.unicamp.br\/ensinogeo\/wp-json\/wp\/v2\/pages\/114\/revisions"}],"predecessor-version":[{"id":118,"href":"https:\/\/www.blogs.unicamp.br\/ensinogeo\/wp-json\/wp\/v2\/pages\/114\/revisions\/118"}],"wp:attachment":[{"href":"https:\/\/www.blogs.unicamp.br\/ensinogeo\/wp-json\/wp\/v2\/media?parent=114"}],"curies":[{"name":"wp","href":"https:\/\/api.w.org\/{rel}","templated":true}]}}