{"id":1838,"date":"2011-12-21T22:15:00","date_gmt":"2011-12-22T01:15:00","guid":{"rendered":"http:\/\/scienceblogs.com.br\/hypercubic\/?page_id=1838"},"modified":"2011-12-21T22:15:00","modified_gmt":"2011-12-22T01:15:00","slug":"hyper-o-que","status":"publish","type":"page","link":"https:\/\/www.blogs.unicamp.br\/hypercubic\/hyper-o-que\/","title":{"rendered":"Hyper-o-qu\u00ea?"},"content":{"rendered":"<div style=\"text-align: justify\">\n<div class=\"separator\" style=\"clear: both;text-align: center\"><a href=\"http:\/\/scienceblogs.com.br\/hypercubic\/files\/2012\/11\/hyper_cube_hyper_perspective1.gif\" data-rel=\"lightbox-image-0\" data-rl_title=\"\" data-rl_caption=\"\" title=\"\"><img fetchpriority=\"high\" decoding=\"async\" src=\"http:\/\/scienceblogs.com.br\/hypercubic\/files\/2012\/11\/hyper_cube_hyper_perspective.png\" alt=\"\" width=\"320\" height=\"309\" border=\"0\" \/><\/a><\/div>\n<p><strong>Explica\u00e7\u00e3o curta, banal e sem-gra\u00e7a:<\/strong> s\u00f3 usei esse nome por que achei bonito mesmo&#8230;\n<\/div>\n<div style=\"text-align: justify\"><strong>Explica\u00e7\u00e3o longa, detalhada e t\u00e9cnica:<\/strong> Hypercubic [<em>hiperc\u00fabico<\/em>] \u00e9 um adjetivo em ingl\u00eas relacionado ao hipercubo \u2014 ou <em>tesseract <\/em>\u2014, que nada mais \u00e9 do que um cubo 4-D de verdade, com quatro dimens\u00f5es espaciais. \u00c9 mais ou menos assim:<\/div>\n<div style=\"text-align: justify\">Parece s\u00f3 um cubo dentro do outro, como aquelas bonequinhas russas. Mas n\u00e3o \u00e9! O cubo pequeno s\u00f3 parece pequeno, por que, em quarta dimens\u00e3o ele fica mais distante. E as linhas que unem os cubos n\u00e3o s\u00e3o assim, inclinadas. S\u00e3o perpendiculares, mas como nosso c\u00e9rebro tem um <em>mindfuck <\/em>ao tentar imaginar quatro \u00e2ngulos de 90\u00ba. juntos, s\u00f3 d\u00e1 pra representar daquele jeito mesmo.<\/div>\n<div style=\"text-align: justify\">Ok, n\u00e3o \u00e9 t\u00e3o simples entender a quarta dimens\u00e3o do espa\u00e7o. Nem sabemos se ela existe, mas, por enquanto, sabemos apenas que ela \u00e9 matematicamente poss\u00edvel. Pelo menos \u00e9 bastante \u00f3bvio que um cubo \u2014 ou qualquer outra coisa \u2014 com quatro dimens\u00f5es tem muito espa\u00e7o. E \u00e9 mais ou menos assim que eu vejo a internet: como uma quarta dimens\u00e3o da informa\u00e7\u00e3o, onde o espa\u00e7o \u00e9 muito maior do que aqui &#8220;fora&#8221;.\n<\/div>\n<div style=\"text-align: justify\"><strong>Explica\u00e7\u00e3o leve, atraente e com gra\u00e7a:<\/strong> ainda estou procurando dentro do meu hipercubo.<\/div>\n<p>&nbsp;<\/p>\n","protected":false},"excerpt":{"rendered":"<p>Explica\u00e7\u00e3o curta, banal e sem-gra\u00e7a: s\u00f3 usei esse nome por que achei bonito mesmo&#8230; Explica\u00e7\u00e3o longa, detalhada e t\u00e9cnica: Hypercubic [hiperc\u00fabico] \u00e9 um adjetivo em ingl\u00eas relacionado ao hipercubo \u2014 ou tesseract \u2014, que nada mais \u00e9 do que um cubo 4-D de verdade, com quatro dimens\u00f5es espaciais. \u00c9 mais ou menos assim: Parece s\u00f3 [&hellip;]<\/p>\n","protected":false},"author":486,"featured_media":1840,"parent":0,"menu_order":0,"comment_status":"open","ping_status":"open","template":"","meta":{"_eb_attr":"","_monsterinsights_skip_tracking":false,"_monsterinsights_sitenote_active":false,"_monsterinsights_sitenote_note":"","_monsterinsights_sitenote_category":0,"material-hide-sections":[],"pgc_sgb_lightbox_settings":"","_vp_format_video_url":"","_vp_image_focal_point":[],"footnotes":""},"class_list":["post-1838","page","type-page","status-publish","has-post-thumbnail","hentry"],"yoast_head":"<!-- This site is optimized with the Yoast SEO plugin v27.4 - https:\/\/yoast.com\/product\/yoast-seo-wordpress\/ -->\n<title>Hyper-o-qu\u00ea? - hypercubic<\/title>\n<meta name=\"robots\" content=\"index, follow, max-snippet:-1, max-image-preview:large, max-video-preview:-1\" \/>\n<link rel=\"canonical\" href=\"https:\/\/www.blogs.unicamp.br\/hypercubic\/hyper-o-que\/\" \/>\n<meta name=\"twitter:label1\" content=\"Est. tempo de leitura\" \/>\n\t<meta name=\"twitter:data1\" content=\"1 minuto\" \/>\n<script type=\"application\/ld+json\" class=\"yoast-schema-graph\">{\"@context\":\"https:\\\/\\\/schema.org\",\"@graph\":[{\"@type\":\"WebPage\",\"@id\":\"https:\\\/\\\/www.blogs.unicamp.br\\\/hypercubic\\\/hyper-o-que\\\/\",\"url\":\"https:\\\/\\\/www.blogs.unicamp.br\\\/hypercubic\\\/hyper-o-que\\\/\",\"name\":\"Hyper-o-qu\u00ea? - hypercubic\",\"isPartOf\":{\"@id\":\"https:\\\/\\\/www.blogs.unicamp.br\\\/hypercubic\\\/#website\"},\"primaryImageOfPage\":{\"@id\":\"https:\\\/\\\/www.blogs.unicamp.br\\\/hypercubic\\\/hyper-o-que\\\/#primaryimage\"},\"image\":{\"@id\":\"https:\\\/\\\/www.blogs.unicamp.br\\\/hypercubic\\\/hyper-o-que\\\/#primaryimage\"},\"thumbnailUrl\":\"https:\\\/\\\/www.blogs.unicamp.br\\\/hypercubic\\\/wp-content\\\/uploads\\\/sites\\\/249\\\/2011\\\/12\\\/hyper_cube_hyper_perspective1.png\",\"datePublished\":\"2011-12-22T01:15:00+00:00\",\"breadcrumb\":{\"@id\":\"https:\\\/\\\/www.blogs.unicamp.br\\\/hypercubic\\\/hyper-o-que\\\/#breadcrumb\"},\"inLanguage\":\"pt-BR\",\"potentialAction\":[{\"@type\":\"ReadAction\",\"target\":[\"https:\\\/\\\/www.blogs.unicamp.br\\\/hypercubic\\\/hyper-o-que\\\/\"]}]},{\"@type\":\"ImageObject\",\"inLanguage\":\"pt-BR\",\"@id\":\"https:\\\/\\\/www.blogs.unicamp.br\\\/hypercubic\\\/hyper-o-que\\\/#primaryimage\",\"url\":\"https:\\\/\\\/www.blogs.unicamp.br\\\/hypercubic\\\/wp-content\\\/uploads\\\/sites\\\/249\\\/2011\\\/12\\\/hyper_cube_hyper_perspective1.png\",\"contentUrl\":\"https:\\\/\\\/www.blogs.unicamp.br\\\/hypercubic\\\/wp-content\\\/uploads\\\/sites\\\/249\\\/2011\\\/12\\\/hyper_cube_hyper_perspective1.png\",\"width\":320,\"height\":309},{\"@type\":\"BreadcrumbList\",\"@id\":\"https:\\\/\\\/www.blogs.unicamp.br\\\/hypercubic\\\/hyper-o-que\\\/#breadcrumb\",\"itemListElement\":[{\"@type\":\"ListItem\",\"position\":1,\"name\":\"In\u00edcio\",\"item\":\"https:\\\/\\\/www.blogs.unicamp.br\\\/hypercubic\\\/\"},{\"@type\":\"ListItem\",\"position\":2,\"name\":\"Hyper-o-qu\u00ea?\"}]},{\"@type\":\"WebSite\",\"@id\":\"https:\\\/\\\/www.blogs.unicamp.br\\\/hypercubic\\\/#website\",\"url\":\"https:\\\/\\\/www.blogs.unicamp.br\\\/hypercubic\\\/\",\"name\":\"hypercubic\",\"description\":\"um hyperespa\u00e7o de ideias\",\"publisher\":{\"@id\":\"https:\\\/\\\/www.blogs.unicamp.br\\\/hypercubic\\\/#organization\"},\"potentialAction\":[{\"@type\":\"SearchAction\",\"target\":{\"@type\":\"EntryPoint\",\"urlTemplate\":\"https:\\\/\\\/www.blogs.unicamp.br\\\/hypercubic\\\/?s={search_term_string}\"},\"query-input\":{\"@type\":\"PropertyValueSpecification\",\"valueRequired\":true,\"valueName\":\"search_term_string\"}}],\"inLanguage\":\"pt-BR\"},{\"@type\":\"Organization\",\"@id\":\"https:\\\/\\\/www.blogs.unicamp.br\\\/hypercubic\\\/#organization\",\"name\":\"hypercubic\",\"url\":\"https:\\\/\\\/www.blogs.unicamp.br\\\/hypercubic\\\/\",\"logo\":{\"@type\":\"ImageObject\",\"inLanguage\":\"pt-BR\",\"@id\":\"https:\\\/\\\/www.blogs.unicamp.br\\\/hypercubic\\\/#\\\/schema\\\/logo\\\/image\\\/\",\"url\":\"https:\\\/\\\/www.blogs.unicamp.br\\\/hypercubic\\\/wp-content\\\/uploads\\\/sites\\\/249\\\/2022\\\/11\\\/cropped-Capa-do-Facebook-851x315-px.-1.png\",\"contentUrl\":\"https:\\\/\\\/www.blogs.unicamp.br\\\/hypercubic\\\/wp-content\\\/uploads\\\/sites\\\/249\\\/2022\\\/11\\\/cropped-Capa-do-Facebook-851x315-px.-1.png\",\"width\":197,\"height\":211,\"caption\":\"hypercubic\"},\"image\":{\"@id\":\"https:\\\/\\\/www.blogs.unicamp.br\\\/hypercubic\\\/#\\\/schema\\\/logo\\\/image\\\/\"},\"sameAs\":[\"https:\\\/\\\/www.facebook.com\\\/hypercubicBR\\\/\",\"https:\\\/\\\/www.instagram.com\\\/hypercubic.blog\\\/\"]}]}<\/script>\n<!-- \/ Yoast SEO plugin. -->","yoast_head_json":{"title":"Hyper-o-qu\u00ea? - hypercubic","robots":{"index":"index","follow":"follow","max-snippet":"max-snippet:-1","max-image-preview":"max-image-preview:large","max-video-preview":"max-video-preview:-1"},"canonical":"https:\/\/www.blogs.unicamp.br\/hypercubic\/hyper-o-que\/","twitter_misc":{"Est. tempo de leitura":"1 minuto"},"schema":{"@context":"https:\/\/schema.org","@graph":[{"@type":"WebPage","@id":"https:\/\/www.blogs.unicamp.br\/hypercubic\/hyper-o-que\/","url":"https:\/\/www.blogs.unicamp.br\/hypercubic\/hyper-o-que\/","name":"Hyper-o-qu\u00ea? - hypercubic","isPartOf":{"@id":"https:\/\/www.blogs.unicamp.br\/hypercubic\/#website"},"primaryImageOfPage":{"@id":"https:\/\/www.blogs.unicamp.br\/hypercubic\/hyper-o-que\/#primaryimage"},"image":{"@id":"https:\/\/www.blogs.unicamp.br\/hypercubic\/hyper-o-que\/#primaryimage"},"thumbnailUrl":"https:\/\/www.blogs.unicamp.br\/hypercubic\/wp-content\/uploads\/sites\/249\/2011\/12\/hyper_cube_hyper_perspective1.png","datePublished":"2011-12-22T01:15:00+00:00","breadcrumb":{"@id":"https:\/\/www.blogs.unicamp.br\/hypercubic\/hyper-o-que\/#breadcrumb"},"inLanguage":"pt-BR","potentialAction":[{"@type":"ReadAction","target":["https:\/\/www.blogs.unicamp.br\/hypercubic\/hyper-o-que\/"]}]},{"@type":"ImageObject","inLanguage":"pt-BR","@id":"https:\/\/www.blogs.unicamp.br\/hypercubic\/hyper-o-que\/#primaryimage","url":"https:\/\/www.blogs.unicamp.br\/hypercubic\/wp-content\/uploads\/sites\/249\/2011\/12\/hyper_cube_hyper_perspective1.png","contentUrl":"https:\/\/www.blogs.unicamp.br\/hypercubic\/wp-content\/uploads\/sites\/249\/2011\/12\/hyper_cube_hyper_perspective1.png","width":320,"height":309},{"@type":"BreadcrumbList","@id":"https:\/\/www.blogs.unicamp.br\/hypercubic\/hyper-o-que\/#breadcrumb","itemListElement":[{"@type":"ListItem","position":1,"name":"In\u00edcio","item":"https:\/\/www.blogs.unicamp.br\/hypercubic\/"},{"@type":"ListItem","position":2,"name":"Hyper-o-qu\u00ea?"}]},{"@type":"WebSite","@id":"https:\/\/www.blogs.unicamp.br\/hypercubic\/#website","url":"https:\/\/www.blogs.unicamp.br\/hypercubic\/","name":"hypercubic","description":"um hyperespa\u00e7o de ideias","publisher":{"@id":"https:\/\/www.blogs.unicamp.br\/hypercubic\/#organization"},"potentialAction":[{"@type":"SearchAction","target":{"@type":"EntryPoint","urlTemplate":"https:\/\/www.blogs.unicamp.br\/hypercubic\/?s={search_term_string}"},"query-input":{"@type":"PropertyValueSpecification","valueRequired":true,"valueName":"search_term_string"}}],"inLanguage":"pt-BR"},{"@type":"Organization","@id":"https:\/\/www.blogs.unicamp.br\/hypercubic\/#organization","name":"hypercubic","url":"https:\/\/www.blogs.unicamp.br\/hypercubic\/","logo":{"@type":"ImageObject","inLanguage":"pt-BR","@id":"https:\/\/www.blogs.unicamp.br\/hypercubic\/#\/schema\/logo\/image\/","url":"https:\/\/www.blogs.unicamp.br\/hypercubic\/wp-content\/uploads\/sites\/249\/2022\/11\/cropped-Capa-do-Facebook-851x315-px.-1.png","contentUrl":"https:\/\/www.blogs.unicamp.br\/hypercubic\/wp-content\/uploads\/sites\/249\/2022\/11\/cropped-Capa-do-Facebook-851x315-px.-1.png","width":197,"height":211,"caption":"hypercubic"},"image":{"@id":"https:\/\/www.blogs.unicamp.br\/hypercubic\/#\/schema\/logo\/image\/"},"sameAs":["https:\/\/www.facebook.com\/hypercubicBR\/","https:\/\/www.instagram.com\/hypercubic.blog\/"]}]}},"_links":{"self":[{"href":"https:\/\/www.blogs.unicamp.br\/hypercubic\/wp-json\/wp\/v2\/pages\/1838","targetHints":{"allow":["GET"]}}],"collection":[{"href":"https:\/\/www.blogs.unicamp.br\/hypercubic\/wp-json\/wp\/v2\/pages"}],"about":[{"href":"https:\/\/www.blogs.unicamp.br\/hypercubic\/wp-json\/wp\/v2\/types\/page"}],"author":[{"embeddable":true,"href":"https:\/\/www.blogs.unicamp.br\/hypercubic\/wp-json\/wp\/v2\/users\/486"}],"replies":[{"embeddable":true,"href":"https:\/\/www.blogs.unicamp.br\/hypercubic\/wp-json\/wp\/v2\/comments?post=1838"}],"version-history":[{"count":0,"href":"https:\/\/www.blogs.unicamp.br\/hypercubic\/wp-json\/wp\/v2\/pages\/1838\/revisions"}],"wp:featuredmedia":[{"embeddable":true,"href":"https:\/\/www.blogs.unicamp.br\/hypercubic\/wp-json\/wp\/v2\/media\/1840"}],"wp:attachment":[{"href":"https:\/\/www.blogs.unicamp.br\/hypercubic\/wp-json\/wp\/v2\/media?parent=1838"}],"curies":[{"name":"wp","href":"https:\/\/api.w.org\/{rel}","templated":true}]}}