{"id":1920,"date":"2021-12-16T17:02:25","date_gmt":"2021-12-16T20:02:25","guid":{"rendered":"https:\/\/www.blogs.unicamp.br\/linhadefundo\/?page_id=1920"},"modified":"2021-12-16T17:02:25","modified_gmt":"2021-12-16T20:02:25","slug":"parte-3","status":"publish","type":"page","link":"https:\/\/www.blogs.unicamp.br\/linhadefundo\/parte-3\/","title":{"rendered":"Parte 3 | A COVID-19 por dentro do corpo: imunidade, tratamentos e sa\u00fade"},"content":{"rendered":"<p>[et_pb_section fb_built=&#8221;1&#8243; fullwidth=&#8221;on&#8221; admin_label=&#8221;cabecalho&#8221; _builder_version=&#8221;4.4.6&#8243; bottom_divider_color=&#8221;#eeeeee&#8221;][et_pb_fullwidth_header title=&#8221;3&#8243; subhead=&#8221;A COVID-19 por dentro do corpo&#8221; text_orientation=&#8221;center&#8221; logo_image_url=&#8221;https:\/\/www.blogs.unicamp.br\/linhadefundo\/wp-content\/uploads\/sites\/268\/2021\/11\/100pxparte-3.png&#8221; title_tablet=&#8221;Parte 1&#8243; title_phone=&#8221;Parte 1&#8243; title_last_edited=&#8221;off|phone&#8221; subhead_last_edited=&#8221;off|phone&#8221; logo_image_url_tablet=&#8221;https:\/\/www.blogs.unicamp.br\/linhadefundo\/wp-content\/uploads\/sites\/268\/2021\/11\/100pxparte-3.png&#8221; logo_image_url_phone=&#8221;https:\/\/www.blogs.unicamp.br\/linhadefundo\/wp-content\/uploads\/sites\/268\/2021\/11\/100pxparte-3.png&#8221; logo_image_url_last_edited=&#8221;on|tablet&#8221; content_max_width_tablet=&#8221;&#8221; content_max_width_phone=&#8221;100%&#8221; content_max_width_last_edited=&#8221;on|desktop&#8221; admin_label=&#8221;T\u00cdTULO&#8221; _builder_version=&#8221;4.4.6&#8243; title_font=&#8221;Aclonica||||||||&#8221; title_text_align=&#8221;center&#8221; title_text_color=&#8221;#e00700&#8243; content_font=&#8221;|700|||||||&#8221; content_text_color=&#8221;#ffc723&#8243; content_font_size=&#8221;23px&#8221; subhead_font=&#8221;Aclonica||||||||&#8221; subhead_text_color=&#8221;#eeeeee&#8221; subhead_font_size=&#8221;27px&#8221; background_color=&#8221;#ff5413&#8243; module_alignment=&#8221;center&#8221; child_filter_contrast=&#8221;112%&#8221; hover_enabled=&#8221;0&#8243; title_text_align_tablet=&#8221;&#8221; title_text_align_phone=&#8221;center&#8221; title_text_align_last_edited=&#8221;on|phone&#8221; title_font_size_tablet=&#8221;&#8221; title_font_size_phone=&#8221;100px&#8221; title_font_size_last_edited=&#8221;on|phone&#8221; module_alignment_tablet=&#8221;&#8221; module_alignment_phone=&#8221;&#8221; module_alignment_last_edited=&#8221;on|phone&#8221; border_color_all_image=&#8221;#100617&#8243; title__hover_enabled=&#8221;off|desktop&#8221; child_filter_blur__hover_enabled=&#8221;on|hover&#8221; child_filter_blur__hover=&#8221;0px&#8221; title_text=&#8221;100pxparte 3&#8243;]<\/p>\n<p>&nbsp;<\/p>\n<p>imunidade, tratamentos e sa\u00fade<\/p>\n<p>[\/et_pb_fullwidth_header][\/et_pb_section][et_pb_section fb_built=&#8221;1&#8243; _builder_version=&#8221;4.4.6&#8243; background_color=&#8221;#ff5413&#8243;][et_pb_row _builder_version=&#8221;4.4.6&#8243;][et_pb_column type=&#8221;4_4&#8243; _builder_version=&#8221;4.4.6&#8243;][et_pb_text _builder_version=&#8221;4.4.6&#8243; text_font=&#8221;|300|||||||&#8221; text_text_color=&#8221;#eeeeee&#8221;]<\/p>\n<p>Oito textos dedicados a pensar sobre a rela\u00e7\u00e3o entre o v\u00edrus e nosso corpo, a produ\u00e7\u00e3o de defesas no sistema imune e como este v\u00edrus afeta outros sistemas e \u00f3rg\u00e3os que n\u00e3o apenas o sistema respirat\u00f3rio. \u00c9 nesta parte do livro que tamb\u00e9m debatemos sobre a compreens\u00e3o de testes e tratamentos a partir do organismo humano.<\/p>\n<p>[\/et_pb_text][et_pb_toggle title=&#8221;Parte 3 | A COVID-19 por dentro do corpo: imunidade, tratamentos e sa\u00fade&#8221; open=&#8221;on&#8221; open_toggle_text_color=&#8221;#ff5413&#8243; open_toggle_background_color=&#8221;#eeeeee&#8221; closed_toggle_text_color=&#8221;#100617&#8243; closed_toggle_background_color=&#8221;#d6cdce&#8221; icon_color=&#8221;#ff5413&#8243; _builder_version=&#8221;4.4.6&#8243; title_text_color=&#8221;#100617&#8243; title_level=&#8221;h6&#8243; title_font=&#8221;ABeeZee|700|||||||&#8221; title_font_size=&#8221;14px&#8221; closed_title_font=&#8221;|300|||||||&#8221; body_font=&#8221;|700|||||||&#8221; body_text_color=&#8221;#000b1c&#8221; body_line_height=&#8221;1.2em&#8221; body_ul_type=&#8221;circle&#8221; body_ul_position=&#8221;inside&#8221; body_ul_text_align=&#8221;left&#8221; body_ul_text_color=&#8221;#100617&#8243; background_color=&#8221;rgba(0,0,0,0)&#8221; text_orientation=&#8221;left&#8221; border_color_all=&#8221;#ffc723&#8243; locked=&#8221;off&#8221;]<\/p>\n<p style=\"padding-left: 30px\"><span style=\"color: #000000\">18. <a href=\"https:\/\/www.blogs.unicamp.br\/linhadefundo\/b3\/meu-teste-deu-positivo-e-agora-entendendo-a-sensibilidade-e-a-especificidade-dos-testes-diagnosticos\/\" style=\"color: #000000\">Meu teste deu positivo. E agora?\u00a0Entendendo a sensibilidade e a especificidade dos testes diagn\u00f3sticos<\/a><\/span><\/p>\n<p style=\"padding-left: 30px\"><span style=\"color: #000000\">19. <a href=\"https:\/\/www.blogs.unicamp.br\/linhadefundo\/b3\/casos-assintomaticos-e-a-transmissao-da-covid-19\/\" style=\"color: #000000\">Casos assintom\u00e1ticos e a transmiss\u00e3o da COVID-19<\/a><\/span><\/p>\n<p style=\"padding-left: 30px\"><span style=\"color: #000000\">20.\u00a0<a href=\"https:\/\/www.blogs.unicamp.br\/linhadefundo\/b3\/como-e-que-um-virus-que-ataca-o-sistema-respiratorio-causa-danos-no-cerebro\/\" style=\"color: #000000\">Como \u00e9 que um v\u00edrus que ataca o sistema respirat\u00f3rio, causa danos no c\u00e9rebro?<\/a><\/span><\/p>\n<p style=\"padding-left: 30px\"><span style=\"color: #000000\"><a href=\"https:\/\/www.blogs.unicamp.br\/linhadefundo\/b3\/covid-19-um-exercito-invisivel-combatendo-a-doenca\/\" style=\"color: #000000\">21. COVID-19: um ex\u00e9rcito invis\u00edvel combatendo a doen\u00e7a!<\/a><\/span><\/p>\n<p style=\"padding-left: 30px\"><span style=\"color: #000000\"><a href=\"https:\/\/www.blogs.unicamp.br\/linhadefundo\/b3\/sistema-imune-e-infectado-pelo-sars-cov-2-de-maneira-similar-ao-hiv\/\" style=\"color: #000000\">22. Sistema imune \u00e9 infectado pelo SARS-CoV-2 de maneira similar ao HIV<\/a><\/span><\/p>\n<p style=\"padding-left: 30px\"><span style=\"color: #000000\"><a href=\"https:\/\/www.blogs.unicamp.br\/linhadefundo\/b3\/qual-a-relacao-entre-naruto-anticorpos-e-tratamento-de-covid-19\/\" style=\"color: #000000\">23. Qual a rela\u00e7\u00e3o entre Naruto, anticorpos e tratamento de COVID-19?<\/a><\/span><\/p>\n<p style=\"padding-left: 30px\"><span style=\"color: #000000\"><a href=\"https:\/\/www.blogs.unicamp.br\/linhadefundo\/b3\/antibiotico-contra-virus-o-curioso-caso-da-azitromicina-contra-a-covid-19\/\" style=\"color: #000000\">24. Antibi\u00f3tico contra v\u00edrus? O curioso caso da azitromicina contra a COVID-19<\/a><\/span><\/p>\n<p style=\"padding-left: 30px\"><span style=\"color: #000000\"><a href=\"https:\/\/www.blogs.unicamp.br\/linhadefundo\/b3\/deus-hidroxicloroquina-e-unicornios-e-impossivel-demonstrar-um-negativo\/\" style=\"color: #000000\">25. Deus, hidroxicloroquina e unic\u00f3rnios: \u00e9 imposs\u00edvel demonstrar um negativo?<\/a><\/span><\/p>\n<p>[\/et_pb_toggle][\/et_pb_column][\/et_pb_row][\/et_pb_section][et_pb_section fb_built=&#8221;1&#8243; _builder_version=&#8221;4.4.6&#8243; background_color=&#8221;#ff5413&#8243; module_alignment=&#8221;center&#8221;][et_pb_row column_structure=&#8221;1_6,1_6,1_6,1_6,1_6,1_6&#8243; disabled_on=&#8221;on|off|off&#8221; _builder_version=&#8221;4.4.6&#8243; locked=&#8221;off&#8221;][et_pb_column type=&#8221;1_6&#8243; _builder_version=&#8221;4.4.6&#8243;][et_pb_slider _builder_version=&#8221;4.4.6&#8243; header_text_color=&#8221;#ffc723&#8243; body_text_align=&#8221;center&#8221; background_color=&#8221;#ff5413&#8243; custom_button=&#8221;on&#8221; button_text_size=&#8221;13px&#8221; button_bg_color=&#8221;#000b1c&#8221; button_border_width=&#8221;0px&#8221; button_border_color=&#8221;#100617&#8243; button_border_radius=&#8221;40px&#8221; link_option_url=&#8221;https:\/\/www.blogs.unicamp.br\/linhadefundo\/parte-1\/&#8221;][et_pb_slide heading=&#8221;Parte 1&#8243; button_text=&#8221;Cap\u00edtulos&#8221; button_link=&#8221;https:\/\/www.blogs.unicamp.br\/linhadefundo\/parte-1\/&#8221; image=&#8221;https:\/\/www.blogs.unicamp.br\/linhadefundo\/wp-content\/uploads\/sites\/268\/2021\/11\/100pxparte-1.png&#8221; image_tablet=&#8221;&#8221; image_phone=&#8221;&#8221; image_last_edited=&#8221;on|phone&#8221; _builder_version=&#8221;4.4.6&#8243;][\/et_pb_slide][\/et_pb_slider][\/et_pb_column][et_pb_column type=&#8221;1_6&#8243; _builder_version=&#8221;4.4.6&#8243;][et_pb_slider _builder_version=&#8221;4.4.6&#8243; header_text_color=&#8221;#ffc723&#8243; body_text_align=&#8221;center&#8221; background_color=&#8221;#ff5413&#8243; custom_button=&#8221;on&#8221; button_text_size=&#8221;13px&#8221; button_bg_color=&#8221;#000b1c&#8221; button_border_width=&#8221;0px&#8221; button_border_color=&#8221;#100617&#8243; button_border_radius=&#8221;40px&#8221; link_option_url=&#8221;https:\/\/www.blogs.unicamp.br\/linhadefundo\/parte-2\/&#8221;][et_pb_slide heading=&#8221;Parte 2&#8243; button_text=&#8221;Cap\u00edtulos&#8221; button_link=&#8221;https:\/\/www.blogs.unicamp.br\/linhadefundo\/parte-2\/&#8221; image=&#8221;https:\/\/www.blogs.unicamp.br\/linhadefundo\/wp-content\/uploads\/sites\/268\/2021\/11\/100pxparte-2.png&#8221; image_tablet=&#8221;&#8221; image_phone=&#8221;&#8221; image_last_edited=&#8221;on|phone&#8221; _builder_version=&#8221;4.4.6&#8243;][\/et_pb_slide][\/et_pb_slider][\/et_pb_column][et_pb_column type=&#8221;1_6&#8243; _builder_version=&#8221;4.4.6&#8243;][et_pb_slider _builder_version=&#8221;4.4.6&#8243; header_text_color=&#8221;#ffc723&#8243; body_text_align=&#8221;center&#8221; background_color=&#8221;#ff5413&#8243; custom_button=&#8221;on&#8221; button_text_size=&#8221;13px&#8221; button_bg_color=&#8221;#000b1c&#8221; button_border_width=&#8221;0px&#8221; button_border_color=&#8221;#100617&#8243; button_border_radius=&#8221;40px&#8221; link_option_url=&#8221;https:\/\/www.blogs.unicamp.br\/linhadefundo\/parte-3\/&#8221;][et_pb_slide heading=&#8221;Parte 3&#8243; button_text=&#8221;Cap\u00edtulos&#8221; image=&#8221;https:\/\/www.blogs.unicamp.br\/linhadefundo\/wp-content\/uploads\/sites\/268\/2021\/11\/100pxparte-3.png&#8221; _builder_version=&#8221;4.4.6&#8243; width=&#8221;100%&#8221; max_width=&#8221;100%&#8221; child_mix_blend_mode=&#8221;soft-light&#8221;][\/et_pb_slide][\/et_pb_slider][\/et_pb_column][et_pb_column type=&#8221;1_6&#8243; _builder_version=&#8221;4.4.6&#8243;][et_pb_slider _builder_version=&#8221;4.4.6&#8243; header_text_color=&#8221;#ffc723&#8243; body_text_align=&#8221;center&#8221; background_color=&#8221;#ff5413&#8243; custom_button=&#8221;on&#8221; button_text_size=&#8221;13px&#8221; button_bg_color=&#8221;#000b1c&#8221; button_border_width=&#8221;0px&#8221; button_border_color=&#8221;#100617&#8243; button_border_radius=&#8221;40px&#8221; link_option_url=&#8221;https:\/\/www.blogs.unicamp.br\/linhadefundo\/parte-4\/&#8221;][et_pb_slide heading=&#8221;Parte 4&#8243; button_text=&#8221;Cap\u00edtulos&#8221; image=&#8221;https:\/\/www.blogs.unicamp.br\/linhadefundo\/wp-content\/uploads\/sites\/268\/2021\/11\/100pxparte-4.png&#8221; _builder_version=&#8221;4.4.6&#8243;][\/et_pb_slide][\/et_pb_slider][\/et_pb_column][et_pb_column type=&#8221;1_6&#8243; _builder_version=&#8221;4.4.6&#8243;][et_pb_slider _builder_version=&#8221;4.4.6&#8243; header_text_color=&#8221;#ffc723&#8243; body_text_align=&#8221;center&#8221; background_color=&#8221;#ff5413&#8243; custom_button=&#8221;on&#8221; button_text_size=&#8221;13px&#8221; button_bg_color=&#8221;#000b1c&#8221; button_border_width=&#8221;0px&#8221; button_border_color=&#8221;#100617&#8243; button_border_radius=&#8221;40px&#8221; link_option_url=&#8221;https:\/\/www.blogs.unicamp.br\/linhadefundo\/parte-5\/&#8221;][et_pb_slide heading=&#8221;Parte 5&#8243; button_text=&#8221;Cap\u00edtulos&#8221; image=&#8221;https:\/\/www.blogs.unicamp.br\/linhadefundo\/wp-content\/uploads\/sites\/268\/2021\/11\/100pxparte-5.png&#8221; _builder_version=&#8221;4.4.6&#8243;][\/et_pb_slide][\/et_pb_slider][\/et_pb_column][et_pb_column type=&#8221;1_6&#8243; _builder_version=&#8221;4.4.6&#8243;][et_pb_slider _builder_version=&#8221;4.4.6&#8243; header_text_color=&#8221;#ffc723&#8243; body_text_align=&#8221;center&#8221; background_color=&#8221;#ff5413&#8243; custom_button=&#8221;on&#8221; button_text_size=&#8221;13px&#8221; button_bg_color=&#8221;#000b1c&#8221; button_border_width=&#8221;0px&#8221; button_border_color=&#8221;#100617&#8243; button_border_radius=&#8221;40px&#8221; link_option_url=&#8221;https:\/\/www.blogs.unicamp.br\/linhadefundo\/parte-6\/&#8221;][et_pb_slide heading=&#8221;Parte 6&#8243; button_text=&#8221;Cap\u00edtulos&#8221; image=&#8221;https:\/\/www.blogs.unicamp.br\/linhadefundo\/wp-content\/uploads\/sites\/268\/2021\/11\/100pxparte-6.png&#8221; _builder_version=&#8221;4.4.6&#8243;][\/et_pb_slide][\/et_pb_slider][\/et_pb_column][\/et_pb_row][et_pb_row disabled_on=&#8221;off|off|on&#8221; _builder_version=&#8221;4.4.6&#8243;][et_pb_column type=&#8221;4_4&#8243; _builder_version=&#8221;4.4.6&#8243;][et_pb_slider use_bg_overlay=&#8221;off&#8221; use_text_overlay=&#8221;off&#8221; arrows_custom_color=&#8221;#eeeeee&#8221; _builder_version=&#8221;4.4.6&#8243; header_text_color=&#8221;#ffc723&#8243; body_text_align=&#8221;center&#8221; background_color=&#8221;#ff5413&#8243; custom_button=&#8221;on&#8221; button_text_size=&#8221;13px&#8221; button_bg_color=&#8221;#000b1c&#8221; button_border_width=&#8221;0px&#8221; button_border_color=&#8221;#100617&#8243; button_border_radius=&#8221;40px&#8221;][et_pb_slide heading=&#8221;Parte 4&#8243; button_text=&#8221;Cap\u00edtulos&#8221; button_link=&#8221;https:\/\/www.blogs.unicamp.br\/linhadefundo\/parte-4\/&#8221; image_tablet=&#8221;&#8221; image_phone=&#8221;https:\/\/www.blogs.unicamp.br\/linhadefundo\/wp-content\/uploads\/sites\/268\/2021\/11\/100pxparte-4.png&#8221; image_last_edited=&#8221;on|phone&#8221; _builder_version=&#8221;4.4.6&#8243; background_image=&#8221;https:\/\/www.blogs.unicamp.br\/linhadefundo\/wp-content\/uploads\/sites\/268\/2021\/11\/100pxparte-4.png&#8221; background_enable_image=&#8221;on&#8221; background_size=&#8221;initial&#8221; background_position=&#8221;top_right&#8221; width=&#8221;100%&#8221; max_width=&#8221;100%&#8221;][\/et_pb_slide][et_pb_slide heading=&#8221;Parte 5&#8243; button_text=&#8221;Cap\u00edtulos&#8221; button_link=&#8221;https:\/\/www.blogs.unicamp.br\/linhadefundo\/parte-5\/&#8221; image_tablet=&#8221;&#8221; image_phone=&#8221;https:\/\/www.blogs.unicamp.br\/linhadefundo\/wp-content\/uploads\/sites\/268\/2021\/11\/100pxparte-2.png&#8221; image_last_edited=&#8221;on|phone&#8221; _builder_version=&#8221;4.4.6&#8243; background_image=&#8221;https:\/\/www.blogs.unicamp.br\/linhadefundo\/wp-content\/uploads\/sites\/268\/2021\/11\/100pxparte-5.png&#8221; background_enable_image=&#8221;on&#8221; background_size=&#8221;initial&#8221; background_position=&#8221;top_right&#8221; width=&#8221;100%&#8221; max_width=&#8221;100%&#8221;][\/et_pb_slide][et_pb_slide heading=&#8221;Parte 6&#8243; button_text=&#8221;Cap\u00edtulos&#8221; button_link=&#8221;https:\/\/www.blogs.unicamp.br\/linhadefundo\/parte-5\/&#8221; image_tablet=&#8221;&#8221; image_phone=&#8221;https:\/\/www.blogs.unicamp.br\/linhadefundo\/wp-content\/uploads\/sites\/268\/2021\/11\/100pxparte-2.png&#8221; image_last_edited=&#8221;on|phone&#8221; _builder_version=&#8221;4.4.6&#8243; background_image=&#8221;https:\/\/www.blogs.unicamp.br\/linhadefundo\/wp-content\/uploads\/sites\/268\/2021\/11\/100pxparte-6.png&#8221; background_enable_image=&#8221;on&#8221; background_size=&#8221;initial&#8221; background_position=&#8221;top_right&#8221; width=&#8221;100%&#8221; max_width=&#8221;100%&#8221;][\/et_pb_slide][et_pb_slide heading=&#8221;Parte 1&#8243; button_text=&#8221;Cap\u00edtulos&#8221; button_link=&#8221;https:\/\/www.blogs.unicamp.br\/linhadefundo\/parte-1\/&#8221; image_tablet=&#8221;&#8221; image_phone=&#8221;https:\/\/www.blogs.unicamp.br\/linhadefundo\/wp-content\/uploads\/sites\/268\/2021\/11\/100pxparte-2.png&#8221; image_last_edited=&#8221;on|phone&#8221; _builder_version=&#8221;4.4.6&#8243; background_image=&#8221;https:\/\/www.blogs.unicamp.br\/linhadefundo\/wp-content\/uploads\/sites\/268\/2021\/11\/100pxparte-1.png&#8221; background_enable_image=&#8221;on&#8221; background_size=&#8221;initial&#8221; background_position=&#8221;top_right&#8221; width=&#8221;100%&#8221; max_width=&#8221;100%&#8221;][\/et_pb_slide][et_pb_slide heading=&#8221;Parte 2&#8243; button_text=&#8221;Cap\u00edtulos&#8221; button_link=&#8221;https:\/\/www.blogs.unicamp.br\/linhadefundo\/parte-2&#8243; image_tablet=&#8221;&#8221; image_phone=&#8221;https:\/\/www.blogs.unicamp.br\/linhadefundo\/wp-content\/uploads\/sites\/268\/2021\/11\/100pxparte-2.png&#8221; image_last_edited=&#8221;on|phone&#8221; _builder_version=&#8221;4.4.6&#8243; background_image=&#8221;https:\/\/www.blogs.unicamp.br\/linhadefundo\/wp-content\/uploads\/sites\/268\/2021\/11\/100pxparte-2.png&#8221; background_enable_image=&#8221;on&#8221; background_size=&#8221;initial&#8221; background_position=&#8221;top_right&#8221; width=&#8221;100%&#8221; max_width=&#8221;100%&#8221;][\/et_pb_slide][et_pb_slide heading=&#8221;Parte 3&#8243; button_text=&#8221;Cap\u00edtulos&#8221; button_link=&#8221;https:\/\/www.blogs.unicamp.br\/linhadefundo\/parte-3\/&#8221; image_tablet=&#8221;&#8221; image_phone=&#8221;https:\/\/www.blogs.unicamp.br\/linhadefundo\/wp-content\/uploads\/sites\/268\/2021\/11\/100pxparte-3.png&#8221; image_last_edited=&#8221;on|phone&#8221; _builder_version=&#8221;4.4.6&#8243; background_image=&#8221;https:\/\/www.blogs.unicamp.br\/linhadefundo\/wp-content\/uploads\/sites\/268\/2021\/11\/100pxparte-3.png&#8221; background_enable_image=&#8221;on&#8221; background_size=&#8221;initial&#8221; background_position=&#8221;top_right&#8221; width=&#8221;100%&#8221; max_width=&#8221;100%&#8221;][\/et_pb_slide][\/et_pb_slider][\/et_pb_column][\/et_pb_row][\/et_pb_section][et_pb_section fb_built=&#8221;1&#8243; custom_padding_last_edited=&#8221;on|phone&#8221; admin_label=&#8221;Mobile only&#8221; _builder_version=&#8221;4.4.6&#8243; background_color=&#8221;#ff5413&#8243; width=&#8221;100%&#8221; max_width=&#8221;100%&#8221; module_alignment=&#8221;center&#8221; custom_padding=&#8221;|50px||50px|false|false&#8221; custom_padding_tablet=&#8221;&#8221; custom_padding_phone=&#8221;|5px||5px|false|false&#8221; saved_tabs=&#8221;all&#8221; locked=&#8221;off&#8221;][et_pb_row custom_padding_last_edited=&#8221;on|phone&#8221; _builder_version=&#8221;4.4.6&#8243; background_enable_color=&#8221;off&#8221; background_enable_image=&#8221;off&#8221; background_blend=&#8221;darken&#8221; width=&#8221;100%&#8221; max_width=&#8221;2560px&#8221; max_width_tablet=&#8221;2560%&#8221; max_width_phone=&#8221;100%&#8221; max_width_last_edited=&#8221;on|phone&#8221; module_alignment=&#8221;center&#8221; custom_margin=&#8221;|auto|-58px|auto||&#8221; custom_padding=&#8221;|20px||20px|false|false&#8221; custom_padding_tablet=&#8221;&#8221; custom_padding_phone=&#8221;|0px||0px|false|false&#8221;][et_pb_column type=&#8221;4_4&#8243; _builder_version=&#8221;4.4.6&#8243; custom_padding=&#8221;|0px||0px|false|false&#8221;][et_pb_post_slider include_categories=&#8221;8&#8243; orderby=&#8221;title_asc&#8221; more_text=&#8221;Abrir cap\u00edtulo&#8221; excerpt_length=&#8221;500&#8243; show_meta=&#8221;off&#8221; show_image=&#8221;off&#8221; arrows_custom_color=&#8221;#ff5413&#8243; _builder_version=&#8221;4.4.6&#8243; header_level=&#8221;h4&#8243; header_font=&#8221;ABeeZee|700||on|||||&#8221; header_text_align=&#8221;center&#8221; header_text_color=&#8221;#ffc723&#8243; header_font_size=&#8221;17px&#8221; body_text_align=&#8221;left&#8221; body_font_size=&#8221;15px&#8221; background_color=&#8221;rgba(16,6,23,0.82)&#8221; background_image=&#8221;https:\/\/www.blogs.unicamp.br\/linhadefundo\/wp-content\/uploads\/sites\/268\/2021\/09\/b1500.png&#8221; background_blend=&#8221;darken&#8221; custom_button=&#8221;on&#8221; button_text_size=&#8221;15px&#8221; button_alignment=&#8221;center&#8221; width=&#8221;1800px&#8221; width_tablet=&#8221;1000px&#8221; width_phone=&#8221;&#8221; width_last_edited=&#8221;on|desktop&#8221; max_width=&#8221;100%&#8221; max_width_tablet=&#8221;&#8221; max_width_phone=&#8221;100%&#8221; max_width_last_edited=&#8221;on|phone&#8221; module_alignment=&#8221;center&#8221; content_width=&#8221;100%&#8221; content_max_width=&#8221;100%&#8221; custom_margin=&#8221;|0px||0px|false|false&#8221; custom_margin_tablet=&#8221;&#8221; custom_margin_phone=&#8221;&#8221; custom_margin_last_edited=&#8221;on|phone&#8221; custom_padding=&#8221;|0px||0px|false|false&#8221; custom_padding_tablet=&#8221;&#8221; custom_padding_phone=&#8221;|0px||0px|false|false&#8221; custom_padding_last_edited=&#8221;on|phone&#8221; body_font_size_tablet=&#8221;&#8221; body_font_size_phone=&#8221;11px&#8221; body_font_size_last_edited=&#8221;on|phone&#8221; body_line_height_tablet=&#8221;&#8221; body_line_height_phone=&#8221;1.5em&#8221; body_line_height_last_edited=&#8221;on|phone&#8221;][\/et_pb_post_slider][\/et_pb_column][\/et_pb_row][\/et_pb_section]<\/p>\n","protected":false},"excerpt":{"rendered":"<p>Oito textos que explicam, desde as primeiras recomenda\u00e7\u00f5es de ficar em casa, at\u00e9 como \u00e9 o v\u00edrus SARS-CoV-2 qu\u00edmica e geneticamente,passando pelos diagn\u00f3sticos, como s\u00e3o feitas as pesquisas sobre o v\u00edrus e a doen\u00e7a e, at\u00e9 a principal forma de preven\u00e7\u00e3o n\u00e3o farmacol\u00f3gica at\u00e9 agora: o uso de m\u00e1scaras! <\/p>\n","protected":false},"author":362,"featured_media":1005,"parent":0,"menu_order":0,"comment_status":"closed","ping_status":"closed","template":"","meta":{"_et_pb_use_builder":"on","_et_pb_old_content":"","_et_gb_content_width":"","_monsterinsights_skip_tracking":false,"_monsterinsights_sitenote_active":false,"_monsterinsights_sitenote_note":"","_monsterinsights_sitenote_category":0,"pgc_sgb_lightbox_settings":"","_vp_format_video_url":"","_vp_image_focal_point":[],"footnotes":""},"class_list":["post-1920","page","type-page","status-publish","has-post-thumbnail","hentry"],"_links":{"self":[{"href":"https:\/\/www.blogs.unicamp.br\/linhadefundo\/wp-json\/wp\/v2\/pages\/1920","targetHints":{"allow":["GET"]}}],"collection":[{"href":"https:\/\/www.blogs.unicamp.br\/linhadefundo\/wp-json\/wp\/v2\/pages"}],"about":[{"href":"https:\/\/www.blogs.unicamp.br\/linhadefundo\/wp-json\/wp\/v2\/types\/page"}],"author":[{"embeddable":true,"href":"https:\/\/www.blogs.unicamp.br\/linhadefundo\/wp-json\/wp\/v2\/users\/362"}],"replies":[{"embeddable":true,"href":"https:\/\/www.blogs.unicamp.br\/linhadefundo\/wp-json\/wp\/v2\/comments?post=1920"}],"version-history":[{"count":0,"href":"https:\/\/www.blogs.unicamp.br\/linhadefundo\/wp-json\/wp\/v2\/pages\/1920\/revisions"}],"wp:featuredmedia":[{"embeddable":true,"href":"https:\/\/www.blogs.unicamp.br\/linhadefundo\/wp-json\/wp\/v2\/media\/1005"}],"wp:attachment":[{"href":"https:\/\/www.blogs.unicamp.br\/linhadefundo\/wp-json\/wp\/v2\/media?parent=1920"}],"curies":[{"name":"wp","href":"https:\/\/api.w.org\/{rel}","templated":true}]}}