{"id":12,"date":"2021-05-18T12:17:22","date_gmt":"2021-05-18T15:17:22","guid":{"rendered":"https:\/\/www.blogs.unicamp.br\/bioensaios\/?page_id=2"},"modified":"2025-10-16T16:15:21","modified_gmt":"2025-10-16T19:15:21","slug":"quem-somos","status":"publish","type":"page","link":"https:\/\/www.blogs.unicamp.br\/pcr\/quem-somos\/","title":{"rendered":"Quem Somos"},"content":{"rendered":"\n<p class=\" eplus-wrapper\">O Blog <strong>PCR \u2013 Produ\u00e7\u00e3o Cient\u00edfica em Rede<\/strong> \u00e9 um espa\u00e7o do Instituto de Biologia da UNICAMP, com textos produzidos por estudantes de gradua\u00e7\u00e3o e p\u00f3s-gradua\u00e7\u00e3o, sob curadoria da equipe coordenadora.<\/p>\n\n\n\n<p class=\" eplus-wrapper\">Nosso trabalho \u00e9 cuidar para que os textos sejam claros, acess\u00edveis e mostrem como a ci\u00eancia dialoga com a sociedade.<\/p>\n\n\n\n<ul class=\" wp-block-list eplus-wrapper\">\n<li class=\" eplus-wrapper\"><strong>Ana de Medeiros Arnt<\/strong>: Bi\u00f3loga, Pesquisadora e Professora do Instituto de Biologia da UNICAMP; coordenadora do Blog PCR.<br><\/li>\n\n\n\n<li class=\" eplus-wrapper\"><strong>Maria Clara Rodriguez Sosa<\/strong>: Bi\u00f3loga e Doutoranda em Ensino de Ci\u00eancias e Matem\u00e1tica; curadora e editora de textos do Blog PCR.<br><\/li>\n<\/ul>\n\n\n\n<p class=\" eplus-wrapper\">Nosso intuito \u00e9 pensar e dialogar sobre os conhecimentos produzidos em nossa universidade, de uma forma acess\u00edvel para todos.<\/p>\n","protected":false},"excerpt":{"rendered":"<p>O Blog PCR \u2013 Produ\u00e7\u00e3o Cient\u00edfica em Rede \u00e9 um espa\u00e7o do Instituto de Biologia da UNICAMP, com textos produzidos por estudantes de gradua\u00e7\u00e3o e p\u00f3s-gradua\u00e7\u00e3o, sob curadoria da equipe coordenadora. Nosso trabalho \u00e9 cuidar para que os textos sejam claros, acess\u00edveis e mostrem como a ci\u00eancia dialoga com a sociedade. Nosso intuito \u00e9 pensar [&hellip;]<\/p>\n","protected":false},"author":296,"featured_media":0,"parent":0,"menu_order":0,"comment_status":"closed","ping_status":"closed","template":"","meta":{"_monsterinsights_skip_tracking":false,"_monsterinsights_sitenote_active":false,"_monsterinsights_sitenote_note":"","_monsterinsights_sitenote_category":0,"pgc_sgb_lightbox_settings":"","_vp_format_video_url":"","_vp_image_focal_point":[],"footnotes":""},"class_list":["post-12","page","type-page","status-publish","hentry"],"yoast_head":"<!-- This site is optimized with the Yoast SEO plugin v27.5 - https:\/\/yoast.com\/product\/yoast-seo-wordpress\/ -->\n<title>Quem Somos - Produ\u00e7\u00e3o Cient\u00edfica em Rede<\/title>\n<meta name=\"robots\" content=\"index, follow, max-snippet:-1, max-image-preview:large, max-video-preview:-1\" \/>\n<link rel=\"canonical\" href=\"https:\/\/www.blogs.unicamp.br\/pcr\/quem-somos\/\" \/>\n<meta property=\"og:locale\" content=\"pt_BR\" \/>\n<meta property=\"og:type\" content=\"article\" \/>\n<meta property=\"og:title\" content=\"Quem Somos - Produ\u00e7\u00e3o Cient\u00edfica em Rede\" \/>\n<meta property=\"og:description\" content=\"O Blog PCR \u2013 Produ\u00e7\u00e3o Cient\u00edfica em Rede \u00e9 um espa\u00e7o do Instituto de Biologia da UNICAMP, com textos produzidos por estudantes de gradua\u00e7\u00e3o e p\u00f3s-gradua\u00e7\u00e3o, sob curadoria da equipe coordenadora. Nosso trabalho \u00e9 cuidar para que os textos sejam claros, acess\u00edveis e mostrem como a ci\u00eancia dialoga com a sociedade. Nosso intuito \u00e9 pensar [&hellip;]\" \/>\n<meta property=\"og:url\" content=\"https:\/\/www.blogs.unicamp.br\/pcr\/quem-somos\/\" \/>\n<meta property=\"og:site_name\" content=\"Produ\u00e7\u00e3o Cient\u00edfica em Rede\" \/>\n<meta property=\"article:modified_time\" content=\"2025-10-16T19:15:21+00:00\" \/>\n<meta name=\"twitter:card\" content=\"summary_large_image\" \/>\n<meta name=\"twitter:label1\" content=\"Est. tempo de leitura\" \/>\n\t<meta name=\"twitter:data1\" content=\"1 minuto\" \/>\n<script type=\"application\/ld+json\" class=\"yoast-schema-graph\">{\"@context\":\"https:\\\/\\\/schema.org\",\"@graph\":[{\"@type\":\"WebPage\",\"@id\":\"https:\\\/\\\/www.blogs.unicamp.br\\\/pcr\\\/quem-somos\\\/\",\"url\":\"https:\\\/\\\/www.blogs.unicamp.br\\\/pcr\\\/quem-somos\\\/\",\"name\":\"Quem Somos - Produ\u00e7\u00e3o Cient\u00edfica em Rede\",\"isPartOf\":{\"@id\":\"https:\\\/\\\/www.blogs.unicamp.br\\\/pcr\\\/#website\"},\"datePublished\":\"2021-05-18T15:17:22+00:00\",\"dateModified\":\"2025-10-16T19:15:21+00:00\",\"breadcrumb\":{\"@id\":\"https:\\\/\\\/www.blogs.unicamp.br\\\/pcr\\\/quem-somos\\\/#breadcrumb\"},\"inLanguage\":\"pt-BR\",\"potentialAction\":[{\"@type\":\"ReadAction\",\"target\":[\"https:\\\/\\\/www.blogs.unicamp.br\\\/pcr\\\/quem-somos\\\/\"]}]},{\"@type\":\"BreadcrumbList\",\"@id\":\"https:\\\/\\\/www.blogs.unicamp.br\\\/pcr\\\/quem-somos\\\/#breadcrumb\",\"itemListElement\":[{\"@type\":\"ListItem\",\"position\":1,\"name\":\"In\u00edcio\",\"item\":\"https:\\\/\\\/www.blogs.unicamp.br\\\/pcr\\\/\"},{\"@type\":\"ListItem\",\"position\":2,\"name\":\"Quem Somos\"}]},{\"@type\":\"WebSite\",\"@id\":\"https:\\\/\\\/www.blogs.unicamp.br\\\/pcr\\\/#website\",\"url\":\"https:\\\/\\\/www.blogs.unicamp.br\\\/pcr\\\/\",\"name\":\"Produ\u00e7\u00e3o Cient\u00edfica em Rede\",\"description\":\"ci\u00eancia coletiva dentro e fora da universidade\",\"publisher\":{\"@id\":\"https:\\\/\\\/www.blogs.unicamp.br\\\/pcr\\\/#organization\"},\"potentialAction\":[{\"@type\":\"SearchAction\",\"target\":{\"@type\":\"EntryPoint\",\"urlTemplate\":\"https:\\\/\\\/www.blogs.unicamp.br\\\/pcr\\\/?s={search_term_string}\"},\"query-input\":{\"@type\":\"PropertyValueSpecification\",\"valueRequired\":true,\"valueName\":\"search_term_string\"}}],\"inLanguage\":\"pt-BR\"},{\"@type\":\"Organization\",\"@id\":\"https:\\\/\\\/www.blogs.unicamp.br\\\/pcr\\\/#organization\",\"name\":\"Produ\u00e7\u00e3o Cient\u00edfica em Rede\",\"url\":\"https:\\\/\\\/www.blogs.unicamp.br\\\/pcr\\\/\",\"logo\":{\"@type\":\"ImageObject\",\"inLanguage\":\"pt-BR\",\"@id\":\"https:\\\/\\\/www.blogs.unicamp.br\\\/pcr\\\/#\\\/schema\\\/logo\\\/image\\\/\",\"url\":\"https:\\\/\\\/www.blogs.unicamp.br\\\/pcr\\\/wp-content\\\/uploads\\\/sites\\\/294\\\/2023\\\/08\\\/cropped-pcr-stxt-3.png\",\"contentUrl\":\"https:\\\/\\\/www.blogs.unicamp.br\\\/pcr\\\/wp-content\\\/uploads\\\/sites\\\/294\\\/2023\\\/08\\\/cropped-pcr-stxt-3.png\",\"width\":728,\"height\":90,\"caption\":\"Produ\u00e7\u00e3o Cient\u00edfica em Rede\"},\"image\":{\"@id\":\"https:\\\/\\\/www.blogs.unicamp.br\\\/pcr\\\/#\\\/schema\\\/logo\\\/image\\\/\"}}]}<\/script>\n<!-- \/ Yoast SEO plugin. -->","yoast_head_json":{"title":"Quem Somos - Produ\u00e7\u00e3o Cient\u00edfica em Rede","robots":{"index":"index","follow":"follow","max-snippet":"max-snippet:-1","max-image-preview":"max-image-preview:large","max-video-preview":"max-video-preview:-1"},"canonical":"https:\/\/www.blogs.unicamp.br\/pcr\/quem-somos\/","og_locale":"pt_BR","og_type":"article","og_title":"Quem Somos - Produ\u00e7\u00e3o Cient\u00edfica em Rede","og_description":"O Blog PCR \u2013 Produ\u00e7\u00e3o Cient\u00edfica em Rede \u00e9 um espa\u00e7o do Instituto de Biologia da UNICAMP, com textos produzidos por estudantes de gradua\u00e7\u00e3o e p\u00f3s-gradua\u00e7\u00e3o, sob curadoria da equipe coordenadora. Nosso trabalho \u00e9 cuidar para que os textos sejam claros, acess\u00edveis e mostrem como a ci\u00eancia dialoga com a sociedade. Nosso intuito \u00e9 pensar [&hellip;]","og_url":"https:\/\/www.blogs.unicamp.br\/pcr\/quem-somos\/","og_site_name":"Produ\u00e7\u00e3o Cient\u00edfica em Rede","article_modified_time":"2025-10-16T19:15:21+00:00","twitter_card":"summary_large_image","twitter_misc":{"Est. tempo de leitura":"1 minuto"},"schema":{"@context":"https:\/\/schema.org","@graph":[{"@type":"WebPage","@id":"https:\/\/www.blogs.unicamp.br\/pcr\/quem-somos\/","url":"https:\/\/www.blogs.unicamp.br\/pcr\/quem-somos\/","name":"Quem Somos - Produ\u00e7\u00e3o Cient\u00edfica em Rede","isPartOf":{"@id":"https:\/\/www.blogs.unicamp.br\/pcr\/#website"},"datePublished":"2021-05-18T15:17:22+00:00","dateModified":"2025-10-16T19:15:21+00:00","breadcrumb":{"@id":"https:\/\/www.blogs.unicamp.br\/pcr\/quem-somos\/#breadcrumb"},"inLanguage":"pt-BR","potentialAction":[{"@type":"ReadAction","target":["https:\/\/www.blogs.unicamp.br\/pcr\/quem-somos\/"]}]},{"@type":"BreadcrumbList","@id":"https:\/\/www.blogs.unicamp.br\/pcr\/quem-somos\/#breadcrumb","itemListElement":[{"@type":"ListItem","position":1,"name":"In\u00edcio","item":"https:\/\/www.blogs.unicamp.br\/pcr\/"},{"@type":"ListItem","position":2,"name":"Quem Somos"}]},{"@type":"WebSite","@id":"https:\/\/www.blogs.unicamp.br\/pcr\/#website","url":"https:\/\/www.blogs.unicamp.br\/pcr\/","name":"Produ\u00e7\u00e3o Cient\u00edfica em Rede","description":"ci\u00eancia coletiva dentro e fora da universidade","publisher":{"@id":"https:\/\/www.blogs.unicamp.br\/pcr\/#organization"},"potentialAction":[{"@type":"SearchAction","target":{"@type":"EntryPoint","urlTemplate":"https:\/\/www.blogs.unicamp.br\/pcr\/?s={search_term_string}"},"query-input":{"@type":"PropertyValueSpecification","valueRequired":true,"valueName":"search_term_string"}}],"inLanguage":"pt-BR"},{"@type":"Organization","@id":"https:\/\/www.blogs.unicamp.br\/pcr\/#organization","name":"Produ\u00e7\u00e3o Cient\u00edfica em Rede","url":"https:\/\/www.blogs.unicamp.br\/pcr\/","logo":{"@type":"ImageObject","inLanguage":"pt-BR","@id":"https:\/\/www.blogs.unicamp.br\/pcr\/#\/schema\/logo\/image\/","url":"https:\/\/www.blogs.unicamp.br\/pcr\/wp-content\/uploads\/sites\/294\/2023\/08\/cropped-pcr-stxt-3.png","contentUrl":"https:\/\/www.blogs.unicamp.br\/pcr\/wp-content\/uploads\/sites\/294\/2023\/08\/cropped-pcr-stxt-3.png","width":728,"height":90,"caption":"Produ\u00e7\u00e3o Cient\u00edfica em Rede"},"image":{"@id":"https:\/\/www.blogs.unicamp.br\/pcr\/#\/schema\/logo\/image\/"}}]}},"_links":{"self":[{"href":"https:\/\/www.blogs.unicamp.br\/pcr\/wp-json\/wp\/v2\/pages\/12","targetHints":{"allow":["GET"]}}],"collection":[{"href":"https:\/\/www.blogs.unicamp.br\/pcr\/wp-json\/wp\/v2\/pages"}],"about":[{"href":"https:\/\/www.blogs.unicamp.br\/pcr\/wp-json\/wp\/v2\/types\/page"}],"author":[{"embeddable":true,"href":"https:\/\/www.blogs.unicamp.br\/pcr\/wp-json\/wp\/v2\/users\/296"}],"replies":[{"embeddable":true,"href":"https:\/\/www.blogs.unicamp.br\/pcr\/wp-json\/wp\/v2\/comments?post=12"}],"version-history":[{"count":6,"href":"https:\/\/www.blogs.unicamp.br\/pcr\/wp-json\/wp\/v2\/pages\/12\/revisions"}],"predecessor-version":[{"id":82,"href":"https:\/\/www.blogs.unicamp.br\/pcr\/wp-json\/wp\/v2\/pages\/12\/revisions\/82"}],"wp:attachment":[{"href":"https:\/\/www.blogs.unicamp.br\/pcr\/wp-json\/wp\/v2\/media?parent=12"}],"curies":[{"name":"wp","href":"https:\/\/api.w.org\/{rel}","templated":true}]}}