{"id":53,"date":"2025-10-09T13:55:05","date_gmt":"2025-10-09T16:55:05","guid":{"rendered":"https:\/\/www.blogs.unicamp.br\/pcr\/?page_id=53"},"modified":"2025-10-16T15:47:06","modified_gmt":"2025-10-16T18:47:06","slug":"rede-blogs-unicamp","status":"publish","type":"page","link":"https:\/\/www.blogs.unicamp.br\/pcr\/rede-blogs-unicamp\/","title":{"rendered":"Rede Blogs Unicamp"},"content":{"rendered":"\n<p class=\" eplus-wrapper\">O blog PCR &#8211; Produ\u00e7\u00e3o Cient\u00edfica em Rede faz parte da rede\u00a0<a href=\"http:\/\/www.blogs.unicamp.br\/\">Blogs de Ci\u00eancia<\/a>, uma rede de blogs de divulga\u00e7\u00e3o cient\u00edfica da Universidade Estadual de Campinas (UNICAMP). Assim, se voc\u00ea quiser conhecer mais desse projeto e ter acesso aos demais blogs que fazem parte desta rede, segue o link de acesso para a rede:<\/p>\n\n\n<div class=\"wp-block-image \">\n<figure class=\"aligncenter eplus-wrapper\"><a href=\"http:\/\/www.blogs.unicamp.br\/\"><img decoding=\"async\" src=\"https:\/\/www.blogs.unicamp.br\/pemcie\/wp-content\/uploads\/sites\/150\/2017\/12\/Rede-de-Blogs-Unicamp_Logo-1-300x164.png\" alt=\"\" class=\"wp-image-21\" \/><\/a><\/figure>\n<\/div>\n\n\n<p class=\" eplus-wrapper\"><\/p>\n","protected":false},"excerpt":{"rendered":"<p>O blog PCR &#8211; Produ\u00e7\u00e3o Cient\u00edfica em Rede faz parte da rede\u00a0Blogs de Ci\u00eancia, uma rede de blogs de divulga\u00e7\u00e3o cient\u00edfica da Universidade Estadual de Campinas (UNICAMP). Assim, se voc\u00ea quiser conhecer mais desse projeto e ter acesso aos demais blogs que fazem parte desta rede, segue o link de acesso para a rede:<\/p>\n","protected":false},"author":296,"featured_media":0,"parent":0,"menu_order":0,"comment_status":"closed","ping_status":"closed","template":"","meta":{"_monsterinsights_skip_tracking":false,"_monsterinsights_sitenote_active":false,"_monsterinsights_sitenote_note":"","_monsterinsights_sitenote_category":0,"pgc_sgb_lightbox_settings":"","_vp_format_video_url":"","_vp_image_focal_point":[],"footnotes":""},"class_list":["post-53","page","type-page","status-publish","hentry"],"yoast_head":"<!-- This site is optimized with the Yoast SEO plugin v27.4 - https:\/\/yoast.com\/product\/yoast-seo-wordpress\/ -->\n<title>Rede Blogs Unicamp - Produ\u00e7\u00e3o Cient\u00edfica em Rede<\/title>\n<meta name=\"robots\" content=\"index, follow, max-snippet:-1, max-image-preview:large, max-video-preview:-1\" \/>\n<link rel=\"canonical\" href=\"https:\/\/www.blogs.unicamp.br\/pcr\/rede-blogs-unicamp\/\" \/>\n<meta property=\"og:locale\" content=\"pt_BR\" \/>\n<meta property=\"og:type\" content=\"article\" \/>\n<meta property=\"og:title\" content=\"Rede Blogs Unicamp - Produ\u00e7\u00e3o Cient\u00edfica em Rede\" \/>\n<meta property=\"og:description\" content=\"O blog PCR &#8211; Produ\u00e7\u00e3o Cient\u00edfica em Rede faz parte da rede\u00a0Blogs de Ci\u00eancia, uma rede de blogs de divulga\u00e7\u00e3o cient\u00edfica da Universidade Estadual de Campinas (UNICAMP). Assim, se voc\u00ea quiser conhecer mais desse projeto e ter acesso aos demais blogs que fazem parte desta rede, segue o link de acesso para a rede:\" \/>\n<meta property=\"og:url\" content=\"https:\/\/www.blogs.unicamp.br\/pcr\/rede-blogs-unicamp\/\" \/>\n<meta property=\"og:site_name\" content=\"Produ\u00e7\u00e3o Cient\u00edfica em Rede\" \/>\n<meta property=\"article:modified_time\" content=\"2025-10-16T18:47:06+00:00\" \/>\n<meta property=\"og:image\" content=\"https:\/\/www.blogs.unicamp.br\/pemcie\/wp-content\/uploads\/sites\/150\/2017\/12\/Rede-de-Blogs-Unicamp_Logo-1-300x164.png\" \/>\n<meta name=\"twitter:card\" content=\"summary_large_image\" \/>\n<script type=\"application\/ld+json\" class=\"yoast-schema-graph\">{\"@context\":\"https:\\\/\\\/schema.org\",\"@graph\":[{\"@type\":\"WebPage\",\"@id\":\"https:\\\/\\\/www.blogs.unicamp.br\\\/pcr\\\/rede-blogs-unicamp\\\/\",\"url\":\"https:\\\/\\\/www.blogs.unicamp.br\\\/pcr\\\/rede-blogs-unicamp\\\/\",\"name\":\"Rede Blogs Unicamp - Produ\u00e7\u00e3o Cient\u00edfica em Rede\",\"isPartOf\":{\"@id\":\"https:\\\/\\\/www.blogs.unicamp.br\\\/pcr\\\/#website\"},\"primaryImageOfPage\":{\"@id\":\"https:\\\/\\\/www.blogs.unicamp.br\\\/pcr\\\/rede-blogs-unicamp\\\/#primaryimage\"},\"image\":{\"@id\":\"https:\\\/\\\/www.blogs.unicamp.br\\\/pcr\\\/rede-blogs-unicamp\\\/#primaryimage\"},\"thumbnailUrl\":\"https:\\\/\\\/www.blogs.unicamp.br\\\/pemcie\\\/wp-content\\\/uploads\\\/sites\\\/150\\\/2017\\\/12\\\/Rede-de-Blogs-Unicamp_Logo-1-300x164.png\",\"datePublished\":\"2025-10-09T16:55:05+00:00\",\"dateModified\":\"2025-10-16T18:47:06+00:00\",\"breadcrumb\":{\"@id\":\"https:\\\/\\\/www.blogs.unicamp.br\\\/pcr\\\/rede-blogs-unicamp\\\/#breadcrumb\"},\"inLanguage\":\"pt-BR\",\"potentialAction\":[{\"@type\":\"ReadAction\",\"target\":[\"https:\\\/\\\/www.blogs.unicamp.br\\\/pcr\\\/rede-blogs-unicamp\\\/\"]}]},{\"@type\":\"ImageObject\",\"inLanguage\":\"pt-BR\",\"@id\":\"https:\\\/\\\/www.blogs.unicamp.br\\\/pcr\\\/rede-blogs-unicamp\\\/#primaryimage\",\"url\":\"https:\\\/\\\/www.blogs.unicamp.br\\\/pemcie\\\/wp-content\\\/uploads\\\/sites\\\/150\\\/2017\\\/12\\\/Rede-de-Blogs-Unicamp_Logo-1-300x164.png\",\"contentUrl\":\"https:\\\/\\\/www.blogs.unicamp.br\\\/pemcie\\\/wp-content\\\/uploads\\\/sites\\\/150\\\/2017\\\/12\\\/Rede-de-Blogs-Unicamp_Logo-1-300x164.png\"},{\"@type\":\"BreadcrumbList\",\"@id\":\"https:\\\/\\\/www.blogs.unicamp.br\\\/pcr\\\/rede-blogs-unicamp\\\/#breadcrumb\",\"itemListElement\":[{\"@type\":\"ListItem\",\"position\":1,\"name\":\"In\u00edcio\",\"item\":\"https:\\\/\\\/www.blogs.unicamp.br\\\/pcr\\\/\"},{\"@type\":\"ListItem\",\"position\":2,\"name\":\"Rede Blogs Unicamp\"}]},{\"@type\":\"WebSite\",\"@id\":\"https:\\\/\\\/www.blogs.unicamp.br\\\/pcr\\\/#website\",\"url\":\"https:\\\/\\\/www.blogs.unicamp.br\\\/pcr\\\/\",\"name\":\"Produ\u00e7\u00e3o Cient\u00edfica em Rede\",\"description\":\"ci\u00eancia coletiva dentro e fora da universidade\",\"publisher\":{\"@id\":\"https:\\\/\\\/www.blogs.unicamp.br\\\/pcr\\\/#organization\"},\"potentialAction\":[{\"@type\":\"SearchAction\",\"target\":{\"@type\":\"EntryPoint\",\"urlTemplate\":\"https:\\\/\\\/www.blogs.unicamp.br\\\/pcr\\\/?s={search_term_string}\"},\"query-input\":{\"@type\":\"PropertyValueSpecification\",\"valueRequired\":true,\"valueName\":\"search_term_string\"}}],\"inLanguage\":\"pt-BR\"},{\"@type\":\"Organization\",\"@id\":\"https:\\\/\\\/www.blogs.unicamp.br\\\/pcr\\\/#organization\",\"name\":\"Produ\u00e7\u00e3o Cient\u00edfica em Rede\",\"url\":\"https:\\\/\\\/www.blogs.unicamp.br\\\/pcr\\\/\",\"logo\":{\"@type\":\"ImageObject\",\"inLanguage\":\"pt-BR\",\"@id\":\"https:\\\/\\\/www.blogs.unicamp.br\\\/pcr\\\/#\\\/schema\\\/logo\\\/image\\\/\",\"url\":\"https:\\\/\\\/www.blogs.unicamp.br\\\/pcr\\\/wp-content\\\/uploads\\\/sites\\\/294\\\/2023\\\/08\\\/cropped-pcr-stxt-3.png\",\"contentUrl\":\"https:\\\/\\\/www.blogs.unicamp.br\\\/pcr\\\/wp-content\\\/uploads\\\/sites\\\/294\\\/2023\\\/08\\\/cropped-pcr-stxt-3.png\",\"width\":728,\"height\":90,\"caption\":\"Produ\u00e7\u00e3o Cient\u00edfica em Rede\"},\"image\":{\"@id\":\"https:\\\/\\\/www.blogs.unicamp.br\\\/pcr\\\/#\\\/schema\\\/logo\\\/image\\\/\"}}]}<\/script>\n<!-- \/ Yoast SEO plugin. -->","yoast_head_json":{"title":"Rede Blogs Unicamp - Produ\u00e7\u00e3o Cient\u00edfica em Rede","robots":{"index":"index","follow":"follow","max-snippet":"max-snippet:-1","max-image-preview":"max-image-preview:large","max-video-preview":"max-video-preview:-1"},"canonical":"https:\/\/www.blogs.unicamp.br\/pcr\/rede-blogs-unicamp\/","og_locale":"pt_BR","og_type":"article","og_title":"Rede Blogs Unicamp - Produ\u00e7\u00e3o Cient\u00edfica em Rede","og_description":"O blog PCR &#8211; Produ\u00e7\u00e3o Cient\u00edfica em Rede faz parte da rede\u00a0Blogs de Ci\u00eancia, uma rede de blogs de divulga\u00e7\u00e3o cient\u00edfica da Universidade Estadual de Campinas (UNICAMP). Assim, se voc\u00ea quiser conhecer mais desse projeto e ter acesso aos demais blogs que fazem parte desta rede, segue o link de acesso para a rede:","og_url":"https:\/\/www.blogs.unicamp.br\/pcr\/rede-blogs-unicamp\/","og_site_name":"Produ\u00e7\u00e3o Cient\u00edfica em Rede","article_modified_time":"2025-10-16T18:47:06+00:00","og_image":[{"url":"https:\/\/www.blogs.unicamp.br\/pemcie\/wp-content\/uploads\/sites\/150\/2017\/12\/Rede-de-Blogs-Unicamp_Logo-1-300x164.png","type":"","width":"","height":""}],"twitter_card":"summary_large_image","schema":{"@context":"https:\/\/schema.org","@graph":[{"@type":"WebPage","@id":"https:\/\/www.blogs.unicamp.br\/pcr\/rede-blogs-unicamp\/","url":"https:\/\/www.blogs.unicamp.br\/pcr\/rede-blogs-unicamp\/","name":"Rede Blogs Unicamp - Produ\u00e7\u00e3o Cient\u00edfica em Rede","isPartOf":{"@id":"https:\/\/www.blogs.unicamp.br\/pcr\/#website"},"primaryImageOfPage":{"@id":"https:\/\/www.blogs.unicamp.br\/pcr\/rede-blogs-unicamp\/#primaryimage"},"image":{"@id":"https:\/\/www.blogs.unicamp.br\/pcr\/rede-blogs-unicamp\/#primaryimage"},"thumbnailUrl":"https:\/\/www.blogs.unicamp.br\/pemcie\/wp-content\/uploads\/sites\/150\/2017\/12\/Rede-de-Blogs-Unicamp_Logo-1-300x164.png","datePublished":"2025-10-09T16:55:05+00:00","dateModified":"2025-10-16T18:47:06+00:00","breadcrumb":{"@id":"https:\/\/www.blogs.unicamp.br\/pcr\/rede-blogs-unicamp\/#breadcrumb"},"inLanguage":"pt-BR","potentialAction":[{"@type":"ReadAction","target":["https:\/\/www.blogs.unicamp.br\/pcr\/rede-blogs-unicamp\/"]}]},{"@type":"ImageObject","inLanguage":"pt-BR","@id":"https:\/\/www.blogs.unicamp.br\/pcr\/rede-blogs-unicamp\/#primaryimage","url":"https:\/\/www.blogs.unicamp.br\/pemcie\/wp-content\/uploads\/sites\/150\/2017\/12\/Rede-de-Blogs-Unicamp_Logo-1-300x164.png","contentUrl":"https:\/\/www.blogs.unicamp.br\/pemcie\/wp-content\/uploads\/sites\/150\/2017\/12\/Rede-de-Blogs-Unicamp_Logo-1-300x164.png"},{"@type":"BreadcrumbList","@id":"https:\/\/www.blogs.unicamp.br\/pcr\/rede-blogs-unicamp\/#breadcrumb","itemListElement":[{"@type":"ListItem","position":1,"name":"In\u00edcio","item":"https:\/\/www.blogs.unicamp.br\/pcr\/"},{"@type":"ListItem","position":2,"name":"Rede Blogs Unicamp"}]},{"@type":"WebSite","@id":"https:\/\/www.blogs.unicamp.br\/pcr\/#website","url":"https:\/\/www.blogs.unicamp.br\/pcr\/","name":"Produ\u00e7\u00e3o Cient\u00edfica em Rede","description":"ci\u00eancia coletiva dentro e fora da universidade","publisher":{"@id":"https:\/\/www.blogs.unicamp.br\/pcr\/#organization"},"potentialAction":[{"@type":"SearchAction","target":{"@type":"EntryPoint","urlTemplate":"https:\/\/www.blogs.unicamp.br\/pcr\/?s={search_term_string}"},"query-input":{"@type":"PropertyValueSpecification","valueRequired":true,"valueName":"search_term_string"}}],"inLanguage":"pt-BR"},{"@type":"Organization","@id":"https:\/\/www.blogs.unicamp.br\/pcr\/#organization","name":"Produ\u00e7\u00e3o Cient\u00edfica em Rede","url":"https:\/\/www.blogs.unicamp.br\/pcr\/","logo":{"@type":"ImageObject","inLanguage":"pt-BR","@id":"https:\/\/www.blogs.unicamp.br\/pcr\/#\/schema\/logo\/image\/","url":"https:\/\/www.blogs.unicamp.br\/pcr\/wp-content\/uploads\/sites\/294\/2023\/08\/cropped-pcr-stxt-3.png","contentUrl":"https:\/\/www.blogs.unicamp.br\/pcr\/wp-content\/uploads\/sites\/294\/2023\/08\/cropped-pcr-stxt-3.png","width":728,"height":90,"caption":"Produ\u00e7\u00e3o Cient\u00edfica em Rede"},"image":{"@id":"https:\/\/www.blogs.unicamp.br\/pcr\/#\/schema\/logo\/image\/"}}]}},"_links":{"self":[{"href":"https:\/\/www.blogs.unicamp.br\/pcr\/wp-json\/wp\/v2\/pages\/53","targetHints":{"allow":["GET"]}}],"collection":[{"href":"https:\/\/www.blogs.unicamp.br\/pcr\/wp-json\/wp\/v2\/pages"}],"about":[{"href":"https:\/\/www.blogs.unicamp.br\/pcr\/wp-json\/wp\/v2\/types\/page"}],"author":[{"embeddable":true,"href":"https:\/\/www.blogs.unicamp.br\/pcr\/wp-json\/wp\/v2\/users\/296"}],"replies":[{"embeddable":true,"href":"https:\/\/www.blogs.unicamp.br\/pcr\/wp-json\/wp\/v2\/comments?post=53"}],"version-history":[{"count":3,"href":"https:\/\/www.blogs.unicamp.br\/pcr\/wp-json\/wp\/v2\/pages\/53\/revisions"}],"predecessor-version":[{"id":81,"href":"https:\/\/www.blogs.unicamp.br\/pcr\/wp-json\/wp\/v2\/pages\/53\/revisions\/81"}],"wp:attachment":[{"href":"https:\/\/www.blogs.unicamp.br\/pcr\/wp-json\/wp\/v2\/media?parent=53"}],"curies":[{"name":"wp","href":"https:\/\/api.w.org\/{rel}","templated":true}]}}