{"id":99,"date":"2018-09-24T15:10:33","date_gmt":"2018-09-24T18:10:33","guid":{"rendered":"https:\/\/www.blogs.unicamp.br\/politica2018\/?page_id=99"},"modified":"2018-09-24T15:14:04","modified_gmt":"2018-09-24T18:14:04","slug":"sobre","status":"publish","type":"page","link":"https:\/\/www.blogs.unicamp.br\/politica\/sobre\/","title":{"rendered":"Sobre"},"content":{"rendered":"<p><span style=\"font-weight: 400;\">Estamos em tempos em que a ci\u00eancia e a produ\u00e7\u00e3o cient\u00edfica tem sofrido in\u00fameros cortes or\u00e7ament\u00e1rios e questionamentos acerca de sua fun\u00e7\u00e3o social. Sendo assim, o Blogs de Ci\u00eancia da UNICAMP decidiu promover uma blogagem coletiva com o tema <\/span><b><i>Ci\u00eancia e Pol\u00edtica<\/i><\/b><span style=\"font-weight: 400;\">, a fim de levar ao nosso p\u00fablico leitor mais informa\u00e7\u00f5es sobre o papel da ci\u00eancia na sociedade e suas rela\u00e7\u00f5es com a pol\u00edtica.<\/span><\/p>\n<p><span style=\"font-weight: 400;\">Assim, convocamos a todos os blogueiros e parceiros da rede para participar da edi\u00e7\u00e3o especial <\/span><b><i>Ci\u00eancia e Pol\u00edtica<\/i><\/b><span style=\"font-weight: 400;\">\u00a0, escrevendo uma postagem sobre o t\u00f3pico.<\/span><\/p>\n<p>As publica\u00e7\u00f5es e todo seu conte\u00fado s\u00e3o de responsabilidade dos autores, e n\u00e3o refletem o posicionamento da equipe de Blogs da Unicamp nem o da Universidade Estadual de Campinas.<\/p>\n","protected":false},"excerpt":{"rendered":"<p>Estamos em tempos em que a ci\u00eancia e a produ\u00e7\u00e3o cient\u00edfica tem sofrido in\u00fameros cortes or\u00e7ament\u00e1rios e questionamentos acerca de sua fun\u00e7\u00e3o social. Sendo assim, o Blogs de Ci\u00eancia da UNICAMP decidiu promover uma blogagem coletiva com o tema Ci\u00eancia e Pol\u00edtica, a fim de levar ao nosso p\u00fablico leitor mais informa\u00e7\u00f5es sobre o papel [&hellip;]<\/p>\n","protected":false},"author":125,"featured_media":0,"parent":0,"menu_order":0,"comment_status":"closed","ping_status":"closed","template":"","meta":{"_monsterinsights_skip_tracking":false,"_monsterinsights_sitenote_active":false,"_monsterinsights_sitenote_note":"","_monsterinsights_sitenote_category":0,"pgc_sgb_lightbox_settings":"","_vp_format_video_url":"","_vp_image_focal_point":[],"footnotes":""},"class_list":["post-99","page","type-page","status-publish","hentry"],"_links":{"self":[{"href":"https:\/\/www.blogs.unicamp.br\/politica\/wp-json\/wp\/v2\/pages\/99","targetHints":{"allow":["GET"]}}],"collection":[{"href":"https:\/\/www.blogs.unicamp.br\/politica\/wp-json\/wp\/v2\/pages"}],"about":[{"href":"https:\/\/www.blogs.unicamp.br\/politica\/wp-json\/wp\/v2\/types\/page"}],"author":[{"embeddable":true,"href":"https:\/\/www.blogs.unicamp.br\/politica\/wp-json\/wp\/v2\/users\/125"}],"replies":[{"embeddable":true,"href":"https:\/\/www.blogs.unicamp.br\/politica\/wp-json\/wp\/v2\/comments?post=99"}],"version-history":[{"count":3,"href":"https:\/\/www.blogs.unicamp.br\/politica\/wp-json\/wp\/v2\/pages\/99\/revisions"}],"predecessor-version":[{"id":102,"href":"https:\/\/www.blogs.unicamp.br\/politica\/wp-json\/wp\/v2\/pages\/99\/revisions\/102"}],"wp:attachment":[{"href":"https:\/\/www.blogs.unicamp.br\/politica\/wp-json\/wp\/v2\/media?parent=99"}],"curies":[{"name":"wp","href":"https:\/\/api.w.org\/{rel}","templated":true}]}}

<p><span style="font-weight: 400;">Estamos em tempos em que a ciência e a produção científica tem sofrido inúmeros cortes orçamentários e questionamentos acerca de sua função social. Sendo assim, o Blogs de Ciência da UNICAMP decidiu promover uma blogagem coletiva com o tema </span><b><i>Ciência e Política</i></b><span style="font-weight: 400;">, a fim de levar ao nosso público leitor mais informações sobre o papel da ciência na sociedade e suas relações com a política.</span></p>
<p><span style="font-weight: 400;">Assim, convocamos a todos os blogueiros e parceiros da rede para participar da edição especial </span><b><i>Ciência e Política</i></b><span style="font-weight: 400;"> , escrevendo uma postagem sobre o tópico.</span></p>
<p>As publicações e todo seu conteúdo são de responsabilidade dos autores, e não refletem o posicionamento da equipe de Blogs da Unicamp nem o da Universidade Estadual de Campinas.</p>

<p>Estamos em tempos em que a ciência e a produção científica tem sofrido inúmeros cortes orçamentários e questionamentos acerca de sua função social. Sendo assim, o Blogs de Ciência da UNICAMP decidiu promover uma blogagem coletiva com o tema Ciência e Política, a fim de levar ao nosso público leitor mais informações sobre o papel [&hellip;]</p>
