{"id":114,"date":"2020-09-21T16:34:52","date_gmt":"2020-09-21T19:34:52","guid":{"rendered":"https:\/\/www.blogs.unicamp.br\/projetocriab\/?page_id=114"},"modified":"2020-09-21T16:34:52","modified_gmt":"2020-09-21T19:34:52","slug":"gts","status":"publish","type":"page","link":"https:\/\/www.blogs.unicamp.br\/projetocriab\/gts\/","title":{"rendered":"Grupos tem\u00e1ticos"},"content":{"rendered":"\n<p>O CRIAB \u00e9 um grupo de pesquisa multidisciplinar, formado por profissionais e estudantes de gradua\u00e7\u00e3o e p\u00f3s-gradua\u00e7\u00e3o de diferentes \u00e1reas do conhecimento. Com isso, o CRIAB \u00e9 dividido em Grupos de Trabalho (GTs), na perspectiva de atuar em diferentes \u00e1reas relacionadas \u00e0 quest\u00e3o das barragens de rejeitos de min\u00e9rio ou h\u00eddricas. <\/p>\n\n\n\n<p>Est\u00e3o consolidados at\u00e9 o momento tr\u00eas GTs: <a href=\"https:\/\/www.blogs.unicamp.br\/projetocriab\/gts\/gt-educacao-e-sociedade\/\">Educa\u00e7\u00e3o e <\/a><a href=\"https:\/\/www.blogs.unicamp.br\/projetocriab\/gts\/gt-educacao-e-sociedade\/\" target=\"_blank\" rel=\"noreferrer noopener\">Sociedade<\/a>, <a href=\"https:\/\/www.blogs.unicamp.br\/projetocriab\/gts\/gt-engenharia-matematica-2\/\" target=\"_blank\" rel=\"noreferrer noopener\">Engenharia Matem\u00e1tica<\/a> e <a href=\"https:\/\/www.blogs.unicamp.br\/projetocriab\/gts\/gt-meio-fisico-e-biotico\/\" target=\"_blank\" rel=\"noreferrer noopener\">Meio F\u00edsico e Bi\u00f3tico<\/a>. Acesse o submenu ou clique no nome dos GTs e saiba mais.<\/p>\n","protected":false},"excerpt":{"rendered":"<p>O CRIAB \u00e9 um grupo de pesquisa multidisciplinar, formado por profissionais e estudantes de gradua\u00e7\u00e3o e p\u00f3s-gradua\u00e7\u00e3o de diferentes \u00e1reas do conhecimento. Com isso, o CRIAB \u00e9 dividido em Grupos de Trabalho (GTs), na perspectiva de atuar em diferentes \u00e1reas relacionadas \u00e0 quest\u00e3o das barragens de rejeitos de min\u00e9rio ou h\u00eddricas. Est\u00e3o consolidados at\u00e9 o momento tr\u00eas GTs: Educa\u00e7\u00e3o e Sociedade, Engenharia Matem\u00e1tica e Meio F\u00edsico e Bi\u00f3tico. Acesse o submenu ou clique no nome dos GTs e saiba mais.<\/p>\n","protected":false},"author":601,"featured_media":0,"parent":0,"menu_order":0,"comment_status":"closed","ping_status":"closed","template":"","meta":{"_monsterinsights_skip_tracking":false,"_monsterinsights_sitenote_active":false,"_monsterinsights_sitenote_note":"","_monsterinsights_sitenote_category":0,"pgc_sgb_lightbox_settings":"","_vp_format_video_url":"","_vp_image_focal_point":[],"footnotes":""},"class_list":["post-114","page","type-page","status-publish","hentry"],"_links":{"self":[{"href":"https:\/\/www.blogs.unicamp.br\/projetocriab\/wp-json\/wp\/v2\/pages\/114","targetHints":{"allow":["GET"]}}],"collection":[{"href":"https:\/\/www.blogs.unicamp.br\/projetocriab\/wp-json\/wp\/v2\/pages"}],"about":[{"href":"https:\/\/www.blogs.unicamp.br\/projetocriab\/wp-json\/wp\/v2\/types\/page"}],"author":[{"embeddable":true,"href":"https:\/\/www.blogs.unicamp.br\/projetocriab\/wp-json\/wp\/v2\/users\/601"}],"replies":[{"embeddable":true,"href":"https:\/\/www.blogs.unicamp.br\/projetocriab\/wp-json\/wp\/v2\/comments?post=114"}],"version-history":[{"count":0,"href":"https:\/\/www.blogs.unicamp.br\/projetocriab\/wp-json\/wp\/v2\/pages\/114\/revisions"}],"wp:attachment":[{"href":"https:\/\/www.blogs.unicamp.br\/projetocriab\/wp-json\/wp\/v2\/media?parent=114"}],"curies":[{"name":"wp","href":"https:\/\/api.w.org\/{rel}","templated":true}]}}