{"id":101,"date":"2020-06-02T22:16:51","date_gmt":"2020-06-03T01:16:51","guid":{"rendered":"https:\/\/www.blogs.unicamp.br\/saudepd\/?page_id=101"},"modified":"2022-07-08T15:05:12","modified_gmt":"2022-07-08T18:05:12","slug":"rede-de-blogs-da-unicamp","status":"publish","type":"page","link":"https:\/\/www.blogs.unicamp.br\/saudepd\/rede-de-blogs-da-unicamp\/","title":{"rendered":"REDE DE BLOGS DA UNICAMP"},"content":{"rendered":"\n<div class=\"wp-block-themeisle-blocks-advanced-columns has-1-columns has-desktop-equal-layout has-tablet-equal-layout has-mobile-equal-layout has-default-gap has-vertical-unset\" id=\"wp-block-themeisle-blocks-advanced-columns-916cccc7\"><div class=\"wp-block-themeisle-blocks-advanced-columns-overlay\"><\/div><div class=\"innerblocks-wrap\">\n<div class=\"wp-block-themeisle-blocks-advanced-column\" id=\"wp-block-themeisle-blocks-advanced-column-71c1806f\">\n<p class=\" eplus-wrapper\">Este blog faz parte da rede de blogs de divulga\u00e7\u00e3o cient\u00edfica da Universidade Estadual de Campinas (UNICAMP). Clique na imagem abaixo para conhecer melhor o projeto e seus demais blogs.<\/p>\n<\/div>\n<\/div><\/div>\n\n\n\n<div class=\"wp-block-media-text alignwide is-stacked-on-mobile\"><figure class=\"wp-block-media-text__media\"><a href=\"https:\/\/www.blogs.unicamp.br\/\"><img fetchpriority=\"high\" decoding=\"async\" width=\"1024\" height=\"561\" src=\"https:\/\/www.blogs.unicamp.br\/saudepd\/wp-content\/uploads\/sites\/256\/2020\/06\/logo_-1024x561.png\" alt=\"\" class=\"wp-image-102\" srcset=\"https:\/\/www.blogs.unicamp.br\/saudepd\/wp-content\/uploads\/sites\/256\/2020\/06\/logo_-1024x561.png 1024w, https:\/\/www.blogs.unicamp.br\/saudepd\/wp-content\/uploads\/sites\/256\/2020\/06\/logo_-300x164.png 300w, https:\/\/www.blogs.unicamp.br\/saudepd\/wp-content\/uploads\/sites\/256\/2020\/06\/logo_-768x421.png 768w, https:\/\/www.blogs.unicamp.br\/saudepd\/wp-content\/uploads\/sites\/256\/2020\/06\/logo_.png 1430w\" sizes=\"(max-width: 1024px) 100vw, 1024px\" \/><\/a><\/figure><div class=\"wp-block-media-text__content\"><\/div><\/div>\n\n\n\n<p class=\" eplus-wrapper\"><\/p>\n","protected":false},"excerpt":{"rendered":"<div class=\"mh-excerpt\"><\/div>","protected":false},"author":576,"featured_media":313,"parent":0,"menu_order":0,"comment_status":"closed","ping_status":"closed","template":"","meta":{"_monsterinsights_skip_tracking":false,"_monsterinsights_sitenote_active":false,"_monsterinsights_sitenote_note":"","_monsterinsights_sitenote_category":0,"pgc_sgb_lightbox_settings":"","_vp_format_video_url":"","_vp_image_focal_point":[],"footnotes":""},"class_list":["post-101","page","type-page","status-publish","has-post-thumbnail","hentry"],"_links":{"self":[{"href":"https:\/\/www.blogs.unicamp.br\/saudepd\/wp-json\/wp\/v2\/pages\/101","targetHints":{"allow":["GET"]}}],"collection":[{"href":"https:\/\/www.blogs.unicamp.br\/saudepd\/wp-json\/wp\/v2\/pages"}],"about":[{"href":"https:\/\/www.blogs.unicamp.br\/saudepd\/wp-json\/wp\/v2\/types\/page"}],"author":[{"embeddable":true,"href":"https:\/\/www.blogs.unicamp.br\/saudepd\/wp-json\/wp\/v2\/users\/576"}],"replies":[{"embeddable":true,"href":"https:\/\/www.blogs.unicamp.br\/saudepd\/wp-json\/wp\/v2\/comments?post=101"}],"version-history":[{"count":4,"href":"https:\/\/www.blogs.unicamp.br\/saudepd\/wp-json\/wp\/v2\/pages\/101\/revisions"}],"predecessor-version":[{"id":314,"href":"https:\/\/www.blogs.unicamp.br\/saudepd\/wp-json\/wp\/v2\/pages\/101\/revisions\/314"}],"wp:featuredmedia":[{"embeddable":true,"href":"https:\/\/www.blogs.unicamp.br\/saudepd\/wp-json\/wp\/v2\/media\/313"}],"wp:attachment":[{"href":"https:\/\/www.blogs.unicamp.br\/saudepd\/wp-json\/wp\/v2\/media?parent=101"}],"curies":[{"name":"wp","href":"https:\/\/api.w.org\/{rel}","templated":true}]}}