{"id":31,"date":"2016-10-25T11:25:43","date_gmt":"2016-10-25T13:25:43","guid":{"rendered":"https:\/\/www.blogs.unicamp.br\/sernomundo\/?page_id=31"},"modified":"2017-03-21T22:29:19","modified_gmt":"2017-03-22T01:29:19","slug":"blogring","status":"publish","type":"page","link":"https:\/\/www.blogs.unicamp.br\/sernaterra\/blogring\/","title":{"rendered":"Rede de Blogs da Unicamp"},"content":{"rendered":"<p>O blog SER NA TERRA \u00a0faz parte de uma rede blogs de divulga\u00e7\u00e3o cient\u00edfica da Universidade Estadual de Campinas (UNICAMP). Assim, se voc\u00ea quiser conhecer mais desse projeto e ter acesso aos demais blogs que fazem parte desta rede, segue o link de acesso para o Bloring:<\/p>\n<p><a href=\"https:\/\/www.blogs.unicamp.br\/\"><img decoding=\"async\" class=\"alignleft wp-image-37 size-medium\" src=\"https:\/\/www.blogs.unicamp.br\/sernomundo\/wp-content\/uploads\/sites\/108\/2016\/10\/04-300x101-300x101.png\" alt=\"blogring\" width=\"300\" height=\"101\" \/><\/a><\/p>\n<p>&nbsp;<\/p>\n","protected":false},"excerpt":{"rendered":"<div class=\"mh-excerpt\"><p>O blog SER NA TERRA \u00a0faz parte de uma rede blogs de divulga\u00e7\u00e3o cient\u00edfica da Universidade Estadual de Campinas (UNICAMP). Assim, se voc\u00ea quiser conhecer <a class=\"mh-excerpt-more\" href=\"https:\/\/www.blogs.unicamp.br\/sernaterra\/blogring\/\" title=\"Rede de Blogs da Unicamp\">[&#8230;]<\/a><\/p>\n<\/div>","protected":false},"author":168,"featured_media":0,"parent":0,"menu_order":0,"comment_status":"closed","ping_status":"closed","template":"","meta":{"_monsterinsights_skip_tracking":false,"_monsterinsights_sitenote_active":false,"_monsterinsights_sitenote_note":"","_monsterinsights_sitenote_category":0,"pgc_sgb_lightbox_settings":"","_vp_format_video_url":"","_vp_image_focal_point":[],"footnotes":""},"class_list":["post-31","page","type-page","status-publish","hentry"],"_links":{"self":[{"href":"https:\/\/www.blogs.unicamp.br\/sernaterra\/wp-json\/wp\/v2\/pages\/31","targetHints":{"allow":["GET"]}}],"collection":[{"href":"https:\/\/www.blogs.unicamp.br\/sernaterra\/wp-json\/wp\/v2\/pages"}],"about":[{"href":"https:\/\/www.blogs.unicamp.br\/sernaterra\/wp-json\/wp\/v2\/types\/page"}],"author":[{"embeddable":true,"href":"https:\/\/www.blogs.unicamp.br\/sernaterra\/wp-json\/wp\/v2\/users\/168"}],"replies":[{"embeddable":true,"href":"https:\/\/www.blogs.unicamp.br\/sernaterra\/wp-json\/wp\/v2\/comments?post=31"}],"version-history":[{"count":5,"href":"https:\/\/www.blogs.unicamp.br\/sernaterra\/wp-json\/wp\/v2\/pages\/31\/revisions"}],"predecessor-version":[{"id":167,"href":"https:\/\/www.blogs.unicamp.br\/sernaterra\/wp-json\/wp\/v2\/pages\/31\/revisions\/167"}],"wp:attachment":[{"href":"https:\/\/www.blogs.unicamp.br\/sernaterra\/wp-json\/wp\/v2\/media?parent=31"}],"curies":[{"name":"wp","href":"https:\/\/api.w.org\/{rel}","templated":true}]}}