{"id":268,"date":"2020-07-08T16:13:02","date_gmt":"2020-07-08T19:13:02","guid":{"rendered":"https:\/\/www.blogs.unicamp.br\/tecsaude\/?page_id=268"},"modified":"2020-07-09T15:54:32","modified_gmt":"2020-07-09T18:54:32","slug":"telessaude-unicamp","status":"publish","type":"page","link":"https:\/\/www.blogs.unicamp.br\/tecsaude\/telessaude-unicamp\/","title":{"rendered":"TELESSA\u00daDE UNICAMP"},"content":{"rendered":"\n<p>Em parceria com pesquisadores e alunos da Faculdade de Ci\u00eancias M\u00e9dicas, Faculdade de Enfermagem e Faculdade de Farm\u00e1cia, bem como parceiros externos divulgaremos as iniciativas em telessa\u00fade.<\/p>\n\n\n\n<h2 class=\"wp-block-heading\"><strong>ACESSO REMOTO EM EXAMES ENDOSC\u00d3PICOS<\/strong><\/h2>\n\n\n\n<p><em>&#8221; No GASTROCENTRO temos iniciativas para acesso remoto dentro da rede interna do centro para que o m\u00e9dico acompanhe a realiza\u00e7\u00e3o dos exames do setor de endoscopia digestiva de qualquer sala. O m\u00e9dico acessa a tela dos equipamentos em exame em caso necessidade. Estamos ampliando esta ideia, incluindo estudos na \u00e1rea de telepresen\u00e7a para dar o retorno desse m\u00e9dico para a equipe que esta fazendo o exame em tempo real. Outros estudos est\u00e3o sendo feitos para projetar e viabilizar os atendimentos atrav\u00e9s de tele consulta para mais setores al\u00e9m do Ambulat\u00f3rio<br>Na \u00e1rea de educa\u00e7\u00e3o, estamos realizando reuni\u00f5es online ao vivo e produ\u00e7\u00e3o de material offline para distribui\u00e7\u00e3o aos alunos (v\u00eddeos) atrav\u00e9s das plataformas de Google Classroom.&#8221;<\/em><\/p>\n\n\n\n<p><a aria-label=\"undefined (opens in a new tab)\" href=\"http:\/\/lattes.cnpq.br\/6177756562961329\" target=\"_blank\" rel=\"noreferrer noopener\">Prof. Dr. Carlos Fernando Papotti<\/a> <\/p>\n\n\n\n<hr class=\"wp-block-separator is-style-wide\" \/>\n\n\n\n<h2 class=\"wp-block-heading\"><strong>TELEATENDIMENTO EM GEN\u00c9TICA<\/strong><\/h2>\n\n\n\n<p><em>&#8221; Teleatendimento em gen\u00e9tica: realizado via Whatsapp a partir de contato de m\u00e9dicos do Departamento de Gen\u00e9tica M\u00e9dia e Medicina Gen\u00f4mica da FCM \/ Unicamp apenas para pacientes j\u00e1 atendidos no Servi\u00e7o de Gen\u00e9tica Cl\u00ednica do Hospital de Cl\u00ednicas da Unicamp. O objetivo foi minimizar as perdas de consulta acarretadas pela pandemia. Quando necess\u00e1rio, consultas telef\u00f4nicas s\u00e3o agendadas com a fam\u00edlia.&#8221;<\/em><\/p>\n\n\n\n<p><a aria-label=\"undefined (opens in a new tab)\" href=\"http:\/\/lattes.cnpq.br\/1888360760491560\" target=\"_blank\" rel=\"noreferrer noopener\">Profa. Dra. Vera L\u00facia Gil da Silva Lopes<\/a><\/p>\n\n\n\n<hr class=\"wp-block-separator is-style-wide\" \/>\n\n\n\n<h2 class=\"wp-block-heading\"><strong>ESTRATIFICA\u00c7\u00c3O DE RISCO<\/strong><\/h2>\n\n\n\n<p>&#8220;<em>E.U. &#8211; Estrat\u00e9gia Unificada de prontu\u00e1rios eletr\u00f4nicos e estratifica\u00e7\u00e3o de risco.<br>Ferramenta de auto-avalia\u00e7\u00e3o do estado de sa\u00fade e acompanhamento cl\u00ednico de pessoas sintom\u00e1ticas atrav\u00e9s de um chatbot integrado a calculadoras de risco orientadas por ferramentas de IA<\/em>.&#8221;<\/p>\n\n\n\n<p><a aria-label=\"undefined (opens in a new tab)\" href=\"http:\/\/lattes.cnpq.br\/5647674022681204\" target=\"_blank\" rel=\"noreferrer noopener\">Prof. Dr. Rodolfo Pacagnella<\/a><\/p>\n\n\n\n<hr class=\"wp-block-separator is-style-wide\" \/>\n\n\n\n<hr class=\"wp-block-separator is-style-wide\" \/>\n\n\n\n<h2 class=\"wp-block-heading\"><strong>ATENDIMENTO EM UROLOGIA<\/strong><\/h2>\n\n\n\n<p><em>&#8221; H\u00e1 cerca de 5 anos tivemos experi\u00eancia na Urologia com a empresa privada. Elaboramos fichas de atendimento clinico para 8 sub-especialidades urol\u00f3gicas com entrada de dados controlada, visando orientar alunos e residentes sobre a avalia\u00e7\u00e3o ideal pretendida dos pacientes e para compor um banco de dados com f\u00e1cil resgate das informa\u00e7\u00f5es. O financiamento foi feito por meio de doa\u00e7\u00f5es e o investimento foi elevado. Por fim a empresa foi vendida, e consideramos que a manuten\u00e7\u00e3o do projeto n\u00e3o era vi\u00e1vel, pelos custos recorrentes e pela falta de interface amig\u00e1vel do nosso banco de dados com o AGHUSE. Gostar\u00edamos de colaborar com um projeto maior, que seja perene e que resulte num sistema \u00fatil, do ponto de vista gerencial, assistencial e acad\u00eamico. <\/em><\/p>\n\n\n\n<p><em>Nossa segunda iniciativa, em parceria com o Instituto Eldorado, foi a cria\u00e7\u00e3o de um aplicativo de di\u00e1rio miccional de preenchimento intuitivo para controle remoto de pacientes com disfun\u00e7\u00e3o miccional e incontin\u00eancia urin\u00e1ria. Nosso entrave foi a seguran\u00e7a quanto a confidencialidade dos dados cl\u00ednicos dos pacientes, que exigiria que as informa\u00e7\u00f5es fossem hospedadas no servidor do HC, o que n\u00e3o foi poss\u00edvel na \u00e9poca.&#8221;<\/em><\/p>\n\n\n\n<p><a aria-label=\"undefined (opens in a new tab)\" href=\"http:\/\/lattes.cnpq.br\/2790499807155462\" target=\"_blank\" rel=\"noreferrer noopener\">Prof. Dr. Cassio Riccetto<\/a><\/p>\n\n\n\n<hr class=\"wp-block-separator is-style-wide\" \/>\n\n\n\n<h2 class=\"wp-block-heading\"><strong>ENSINO \u00c0 DIST\u00c2NCIA<\/strong><\/h2>\n\n\n\n<p><em>&#8221; Curso COVID-19 da Disciplina de Emerg\u00eancia. Disponibilizado em plataforma Moodle para todas as pessoas com conta Unicamp. Para conhecer <a aria-label=\"undefined (opens in a new tab)\" href=\"http:\/\/bit.ly\/covidcurso\" target=\"_blank\" rel=\"noreferrer noopener\">clique aqui<\/a>.<\/em><\/p>\n\n\n\n<p> <em>Al\u00e9m disso curso de EaD de Emerg\u00eancias Cl\u00ednicas para a Gradua\u00e7\u00e3o e Resid\u00eancia M\u00e9dica, que pode ser acessado <a aria-label=\"undefined (opens in a new tab)\" href=\"https:\/\/moodle.ggte.unicamp.br\/course\/view.php?id=7077\" target=\"_blank\" rel=\"noreferrer noopener\">aqui<\/a>.  <\/em><\/p>\n\n\n\n<p><em>Lives semanais (quarta, quinta, sexta pela manha) com os alunos da Gradua\u00e7\u00e3o no Google Meet &#8211; sala livesdaemergencia. <\/em><\/p>\n\n\n\n<p><em>Uso de M\u00eddias Sociais (Instagram e Facebook) com o personagem Jacinto Bemelhor, responsavel por avisar os alunos nessas m\u00eddias quando h\u00e1 postagens de novas atividades no nosso curso e as Lives com os professores da Emerg\u00eancia.&#8221;<\/em><\/p>\n\n\n\n<p><a aria-label=\"undefined (opens in a new tab)\" href=\"http:\/\/lattes.cnpq.br\/7491950852110549\" target=\"_blank\" rel=\"noreferrer noopener\">Prof. Dr. Tiago de Araujo Guerra Grangeia<\/a><\/p>\n\n\n\n<hr class=\"wp-block-separator is-style-wide\" \/>\n\n\n\n<h2 class=\"wp-block-heading\"><strong>TELEATENDIMENTO EM REUMATOLOGIA PEDI\u00c1TRICA<\/strong><\/h2>\n\n\n\n<p><em>&#8220;Padroniza\u00e7\u00e3o de teleatendimento na reumatologia Pedi\u00e1trica e no ambulat\u00f3rio de Lupus.&#8221;<\/em><\/p>\n\n\n\n<p><a aria-label=\"undefined (opens in a new tab)\" href=\"http:\/\/lattes.cnpq.br\/6960131838271951\" target=\"_blank\" rel=\"noreferrer noopener\">Profa. Dra. Simone Appenzeller<\/a><\/p>\n\n\n\n<hr class=\"wp-block-separator is-style-wide\" \/>\n\n\n\n<h2 class=\"wp-block-heading\"><strong>AMBULAT\u00d3RIO E MATRICIAMENTO VIRTUAL EM PEDIATRIA<\/strong><\/h2>\n\n\n\n<p>&#8220;<em>Iniciativas para os ambulat\u00f3rios de pediatria, geral e de especialidades, que poder\u00e3o ser estendidas a outras unidades do HC.<\/em><\/p>\n\n\n\n<p><em>Ambulat\u00f3rio Virtual de Pediatria &#8211; Usando base tecnol\u00f3gica semelhante \u00e0 do bem-sucedido projeto Orienta Covid (VOIP e software Rainbow de gerenciamento de chamadas), o ambulat\u00f3rio virtual far\u00e1 teleconsultas entre crian\u00e7as, adolescentes e seus cuidadores em acompanhamento na pediatria cl\u00ednica geral e especialidades, e os m\u00e9dicos residentes e docentes respons\u00e1veis pelo cuidado. Com esta iniciativa, visamos a recuperar o v\u00ednculo interrompido com os pacientes, devido ao contingenciamento dos atendimentos ambulatoriais do HC durante a fase cr\u00edtica da pandemia. Adicionalmente, os pacientes ser\u00e3o contatados por SMS e potencialmente por outras plataformas. O registro das consultas, que seguir\u00e3o um protocolo, ser\u00e1 registrado na aba &#8220;teleatendimento&#8221;, dispon\u00edvel no software de prontu\u00e1rio eletr\u00f4nico do HC, o AgHuse.<\/em><\/p>\n\n\n\n<p><em>Matriciamento Virtual: com base tecnol\u00f3gica semelhante, teremos como objetivo realizar teleconsultoria com m\u00e9dicos da aten\u00e7\u00e3o b\u00e1sica e de servi\u00e7os secund\u00e1rios, visando a realizar seguimento conjunto dos pacientes na linha de cuidado pedi\u00e1trica do HC.<\/em><\/p>\n\n\n\n<p><em>Ambos os projetos visam a manuten\u00e7\u00e3o de contato de qualidade com os pacientes e seus cuidadores, preservando o v\u00ednculo de confian\u00e7a e otimizando os custos, al\u00e9m de reduzir os deslocamentos excessivos. A necessidade de consultas presenciais ser\u00e1 respeitada, sempre que houver justificativa (com previs\u00e3o inicial de ao menos uma consulta presencial por ano).&#8221;<\/em><\/p>\n\n\n\n<p><a aria-label=\"undefined (opens in a new tab)\" href=\"http:\/\/lattes.cnpq.br\/9165113068184557\" target=\"_blank\" rel=\"noreferrer noopener\">Prof. Dr. Marcos Tadeu Nolasco da Silva<\/a><\/p>\n\n\n\n<hr class=\"wp-block-separator\" \/>\n\n\n\n<p>&#8220;<em>Participante do grupo para implanta\u00e7\u00e3o do Ambulat\u00f3rio Virtual de Pediatria &#8211; uso de diferentes meios eletr\u00f4nicos para contato com os pacientes &#8211; email, SMS, aplicativos, telefone e teleconsulta. Participante do Grupo para desenvolvimento de site e instagram da Area Alergia e Imunologia Pedi\u00e1trica (alergiped). Estrutura\u00e7\u00e3o do Curso Te\u00f3rico para Residentes de Pediatria dentro da Plataforma Moodle desde 2014. Gestora da Disciplina MD 244 Imunologia M\u00e9dica desde 2019, aplicada digitalmente em 2020\/ Google Classroom. Professora do Programa de P\u00f3s-Gradua\u00e7\u00e3o em Sa\u00fade da Crian\u00e7a e do Adolescente com projetos em andamento para ferramentas digitais aplicadas \u00e0s Imunodefici\u00eancias Prim\u00e1rias\/Erros Inatos da Imunidade.<\/em>&#8220;<\/p>\n\n\n\n<p><a aria-label=\"undefined (opens in a new tab)\" href=\"http:\/\/lattes.cnpq.br\/3757534261199057\" target=\"_blank\" rel=\"noreferrer noopener\">Profa. Dra. Adriana Gut Lopes Riccetto<\/a><\/p>\n\n\n\n<hr class=\"wp-block-separator\" \/>\n\n\n\n<p><em>&#8220;Site Alergiped&#8221;<\/em><\/p>\n\n\n\n<p><a aria-label=\"undefined (opens in a new tab)\" href=\"http:\/\/lattes.cnpq.br\/3406109234380856\" target=\"_blank\" rel=\"noreferrer noopener\">Marina Mayumi Vendrame Takao<\/a><\/p>\n\n\n\n<hr class=\"wp-block-separator is-style-wide\" \/>\n\n\n\n<h2 class=\"wp-block-heading\"><strong>INICIATIVAS NO CIPOI<\/strong><\/h2>\n\n\n\n<p><em>&#8220;Da minha experi\u00eancia:<br>. Na Unicamp iniciei minhas atividades como analista de sistemas em 1989 no Centro de Computa\u00e7\u00e3o (CCUEC). Desde 1996 atuo no CIPOI\/FCM.<br>. Minhas atividades mais recentes est\u00e3o relacionadas \u00e0 melhoria de fluxo de informa\u00e7\u00f5es e processos;<br>. Participei do levantamento e cria\u00e7\u00e3o do software que faz a integra\u00e7\u00e3o e envio de SMS \u00e0s fam\u00edlias de pacientes, via sistema do CIPOI, junto \u00e0 equipe; entre outros sistemas e atividades desenvolvidas internamente;<br>. Participei da implanta\u00e7\u00e3o de alguns m\u00f3dulos do AGHUse no CIPOI, entre eles o Laborat\u00f3rio e a defini\u00e7\u00f5es t\u00e9cnicas para acesso ao m\u00f3dulo Ambulat\u00f3rio.<br>. No AGHUse fa\u00e7o interface no CIPOI com a equipe t\u00e9cnica do AGHUse HC para suporte e melhorias solicitadas;<br>. Atuo em desenvolvimento de fluxo de processos e implementa\u00e7\u00e3o no sistema interno do CIPOI que atende ao Laborat\u00f3rio e Ambulat\u00f3rio, e que utiliza uma ferramenta de workflow, que integra as atividades das \u00e1reas envolvidas.<\/em><\/p>\n\n\n\n<p><em>Algumas de minhas iniciativas:<br>. Colabora\u00e7\u00e3o t\u00e9cnica na implanta\u00e7\u00e3o do uso de SMS utilizando a plataforma Web que envia SMS avulsos ou em lote, facilitando nos detalhes exigidos pela plataforma utilizada;<br>. Tenho participado no levantamento para a implanta\u00e7\u00e3o do AGHUse nos ambulat\u00f3rios do CIPOI.<br>. Auxiliar no levantamento dos ajustes de fluxos internos visando a implementa\u00e7\u00e3o dos recursos necess\u00e1rios para o uso da Telemedicina no CIPOI;<br>. Auxiliar na identifica\u00e7\u00e3o de poss\u00edveis interfaces do AGHUse com plataformas de notifica\u00e7\u00e3o ao paciente\/fam\u00edlia (exemplo SMS ou outras plataformas a serem definidas). Caso o AGHUse n\u00e3o apresente uma solu\u00e7\u00e3o dessas notifica\u00e7\u00f5es\/mensagens em tempo h\u00e1bil, verificar possibilidades de alternativas em fases intermedi\u00e1rias, com gera\u00e7\u00e3o de arquivos a partir desse sistema e recep\u00e7\u00e3o do mesmo em plataformas de notifica\u00e7\u00e3o que j\u00e1 est\u00e3o em uso.<br>. Al\u00e9m disso, tenho interesse na atualiza\u00e7\u00e3o de conhecimentos na \u00e1rea de processos e telemedicina.&#8221;<\/em><\/p>\n\n\n\n<p>Sandra Cristina Bibries<\/p>\n\n\n\n<p><\/p>\n","protected":false},"excerpt":{"rendered":"<p>Em parceria com pesquisadores e alunos da Faculdade de Ci\u00eancias M\u00e9dicas, Faculdade de Enfermagem e Faculdade de Farm\u00e1cia, bem como parceiros externos divulgaremos as iniciativas em telessa\u00fade. ACESSO REMOTO EM EXAMES ENDOSC\u00d3PICOS &#8221; No GASTROCENTRO temos iniciativas para acesso remoto &hellip; <a href=\"https:\/\/www.blogs.unicamp.br\/tecsaude\/telessaude-unicamp\/\">Continue lendo <span class=\"meta-nav\">&rarr;<\/span><\/a><\/p>\n","protected":false},"author":346,"featured_media":0,"parent":0,"menu_order":0,"comment_status":"open","ping_status":"closed","template":"","meta":{"_monsterinsights_skip_tracking":false,"_monsterinsights_sitenote_active":false,"_monsterinsights_sitenote_note":"","_monsterinsights_sitenote_category":0,"pgc_sgb_lightbox_settings":"","_vp_format_video_url":"","_vp_image_focal_point":[],"footnotes":""},"class_list":["post-268","page","type-page","status-publish","hentry"],"_links":{"self":[{"href":"https:\/\/www.blogs.unicamp.br\/tecsaude\/wp-json\/wp\/v2\/pages\/268","targetHints":{"allow":["GET"]}}],"collection":[{"href":"https:\/\/www.blogs.unicamp.br\/tecsaude\/wp-json\/wp\/v2\/pages"}],"about":[{"href":"https:\/\/www.blogs.unicamp.br\/tecsaude\/wp-json\/wp\/v2\/types\/page"}],"author":[{"embeddable":true,"href":"https:\/\/www.blogs.unicamp.br\/tecsaude\/wp-json\/wp\/v2\/users\/346"}],"replies":[{"embeddable":true,"href":"https:\/\/www.blogs.unicamp.br\/tecsaude\/wp-json\/wp\/v2\/comments?post=268"}],"version-history":[{"count":5,"href":"https:\/\/www.blogs.unicamp.br\/tecsaude\/wp-json\/wp\/v2\/pages\/268\/revisions"}],"predecessor-version":[{"id":317,"href":"https:\/\/www.blogs.unicamp.br\/tecsaude\/wp-json\/wp\/v2\/pages\/268\/revisions\/317"}],"wp:attachment":[{"href":"https:\/\/www.blogs.unicamp.br\/tecsaude\/wp-json\/wp\/v2\/media?parent=268"}],"curies":[{"name":"wp","href":"https:\/\/api.w.org\/{rel}","templated":true}]}}