{"id":97,"date":"2017-03-27T09:04:06","date_gmt":"2017-03-27T12:04:06","guid":{"rendered":"https:\/\/www.blogs.unicamp.br\/tortaprimordial\/?page_id=97"},"modified":"2017-03-27T20:36:00","modified_gmt":"2017-03-27T23:36:00","slug":"sobre","status":"publish","type":"page","link":"https:\/\/www.blogs.unicamp.br\/tortaprimordial\/sobre\/","title":{"rendered":"Sobre o Blog"},"content":{"rendered":"<p>Ol\u00e1 pessoal! Sejam muito bem vindos a <strong>Torta de ma\u00e7\u00e3 primordial<\/strong>! Neste blog pretendo falar um pouco do universo e o que o constitui do ponto de vista da F\u00edsica, usando uma linguagem simples e de f\u00e1cil acesso, ent\u00e3o n\u00e3o se preocupe pois o \u00fanico pr\u00e9-requisito \u00e9 a sua curiosidade.<\/p>\n<p>Sempre gostei muito de divulga\u00e7\u00e3o cient\u00edfica, at\u00e9 porque foi um divulgador chamado\u00a0Paul Zaloom<strong>\u00a0<\/strong>(talvez voc\u00ea o conhe\u00e7a por Beakman) que me motivou a carreira cient\u00edfica. Espero que alguma das postagens possa te interessar por<strong> temas que n\u00e3o costumamos pensar no dia-a-dia<\/strong> e quem sabe inspir\u00e1-lo a pesquisar mais a fundo.<\/p>\n<p>Talvez voc\u00ea at\u00e9\u00a0passe a <strong>pensar em f\u00edsica como mais do que um bloco deslizando\u00a0sobre um plano inclinado<\/strong> que seu professor te obrigou a estudar para a prova? \ud83d\ude00<\/p>\n<h2>Licen\u00e7a Creative Commons<\/h2>\n<p>Todos os posts do blog Torta de ma\u00e7\u00e3 primordial est\u00e3o sobre a licen\u00e7a creative commons attribution 4.0 (<a href=\"https:\/\/creativecommons.org\/licenses\/by\/4.0\/\">CC-BY 4.0<\/a>). Isto \u00e9, \u00e9 permitido o uso parcial ou total, inclusive com modifica\u00e7\u00e3o do conte\u00fado, mesmo que para\u00a0objetivos comerciais, desde que seja <strong>dado o devido cr\u00e9dito ao autor do post.<\/strong><\/p>\n","protected":false},"excerpt":{"rendered":"<p>Ol\u00e1 pessoal! Sejam muito bem vindos a Torta de ma\u00e7\u00e3 primordial! Neste blog pretendo falar um pouco do universo e o que o constitui do ponto de vista da F\u00edsica, usando uma linguagem simples e de f\u00e1cil acesso, ent\u00e3o n\u00e3o se preocupe pois o \u00fanico pr\u00e9-requisito \u00e9 a sua curiosidade. Sempre gostei muito de divulga\u00e7\u00e3o [&hellip;]<\/p>\n","protected":false},"author":252,"featured_media":0,"parent":0,"menu_order":0,"comment_status":"closed","ping_status":"closed","template":"","meta":{"_monsterinsights_skip_tracking":false,"_monsterinsights_sitenote_active":false,"_monsterinsights_sitenote_note":"","_monsterinsights_sitenote_category":0,"pgc_sgb_lightbox_settings":"","_vp_format_video_url":"","_vp_image_focal_point":[],"footnotes":""},"class_list":["post-97","page","type-page","status-publish","hentry"],"_links":{"self":[{"href":"https:\/\/www.blogs.unicamp.br\/tortaprimordial\/wp-json\/wp\/v2\/pages\/97","targetHints":{"allow":["GET"]}}],"collection":[{"href":"https:\/\/www.blogs.unicamp.br\/tortaprimordial\/wp-json\/wp\/v2\/pages"}],"about":[{"href":"https:\/\/www.blogs.unicamp.br\/tortaprimordial\/wp-json\/wp\/v2\/types\/page"}],"author":[{"embeddable":true,"href":"https:\/\/www.blogs.unicamp.br\/tortaprimordial\/wp-json\/wp\/v2\/users\/252"}],"replies":[{"embeddable":true,"href":"https:\/\/www.blogs.unicamp.br\/tortaprimordial\/wp-json\/wp\/v2\/comments?post=97"}],"version-history":[{"count":8,"href":"https:\/\/www.blogs.unicamp.br\/tortaprimordial\/wp-json\/wp\/v2\/pages\/97\/revisions"}],"predecessor-version":[{"id":135,"href":"https:\/\/www.blogs.unicamp.br\/tortaprimordial\/wp-json\/wp\/v2\/pages\/97\/revisions\/135"}],"wp:attachment":[{"href":"https:\/\/www.blogs.unicamp.br\/tortaprimordial\/wp-json\/wp\/v2\/media?parent=97"}],"curies":[{"name":"wp","href":"https:\/\/api.w.org\/{rel}","templated":true}]}}