{"id":234,"date":"2021-11-09T22:35:46","date_gmt":"2021-11-10T01:35:46","guid":{"rendered":"https:\/\/umoceano.labjor.unicamp.br\/?page_id=234"},"modified":"2024-10-16T16:47:35","modified_gmt":"2024-10-16T19:47:35","slug":"sobre-nos","status":"publish","type":"page","link":"https:\/\/www.blogs.unicamp.br\/umoceano\/sobre-nos\/","title":{"rendered":"Sobre N\u00f3s"},"content":{"rendered":"\n<p class=\" has-text-align-left has-medium-font-size eplus-wrapper\"><strong>O blog Um Oceano \u00e9 uma plataforma colaborativa inspirada na\u00a0D\u00e9cada da Ci\u00eancia Oce\u00e2nica para o Desenvolvimento Sustent\u00e1vel (2021-2030), que pretende contribuir sobretudo com o Desafio 10 &#8220;Restaurar a rela\u00e7\u00e3o da sociedade com o oceano&#8221; para sensibilizar, informar e aproximar a sociedade do oceano.<\/strong><\/p>\n\n\n\n<p class=\" has-medium-font-size eplus-wrapper\"><strong>Acreditamos na import\u00e2ncia de mostrar como somos dependentes do oceano e como ele est\u00e1 presente em nossas vidas. Por isso, convidamos voc\u00ea a navegar em conhecimento para conhecer e conservar este gigante que recobre mais de 70% do planeta<\/strong>.<\/p>\n\n\n\n<p class=\" has-medium-font-size eplus-wrapper\"><strong>Se voc\u00ea tiver interesse em escrever para o blog, envie uma mensagem para: germanabarata@gmail.com<\/strong><\/p>\n\n\n\n<p class=\" eplus-wrapper\"><\/p>\n\n\n\n<h6 class=\" wp-block-heading eplus-wrapper\">Equipe<\/h6>\n\n\n\n<div class=\"wp-block-group eplus-wrapper\"><div class=\"wp-block-group__inner-container is-layout-flow wp-block-group-is-layout-flow\">\n<div class=\" wp-block-media-text alignwide is-stacked-on-mobile eplus-wrapper\"><figure class=\"wp-block-media-text__media\"><img fetchpriority=\"high\" decoding=\"async\" width=\"440\" height=\"619\" src=\"https:\/\/www.blogs.unicamp.br\/umoceano2\/wp-content\/uploads\/sites\/285\/2021\/11\/Germana-Mar.png\" alt=\"\" class=\"wp-image-237 size-full\" srcset=\"https:\/\/www.blogs.unicamp.br\/umoceano\/wp-content\/uploads\/sites\/285\/2021\/11\/Germana-Mar.png 440w, https:\/\/www.blogs.unicamp.br\/umoceano\/wp-content\/uploads\/sites\/285\/2021\/11\/Germana-Mar-213x300.png 213w\" sizes=\"(max-width: 440px) 100vw, 440px\" \/><\/figure><div class=\"wp-block-media-text__content\">\n<p class=\" has-large-font-size eplus-wrapper\">Germana Barata<\/p>\n\n\n\n<p class=\" eplus-wrapper\">Sou pesquisadora da Unicamp, jornalista<em> de <\/em>ci\u00eancia e fa\u00e7o parte do Comit\u00ea de Assessoramento da D\u00e9cada do Oceano no Brasil. Me formei em biologia pela Unicamp na \u00e9poca em que sonhava ser bi\u00f3loga marinha. Parte de minha paix\u00e3o pelo mar veio dos document\u00e1rios e do mergulho aut\u00f4nomo, ambos inspirados em Jacques-Yves Cousteau, inventor, documentarista e ocean\u00f3grafo franc\u00eas que criou o equipamento que nos permite respirar debaixo d\u2019\u00e1gua. A D\u00e9cada do Oceano me aproximou, ainda mais uma vez, do bioma mais biodiverso do mundo: o oceano. <\/p>\n<\/div><\/div>\n\n\n\n<p class=\" eplus-wrapper\"><\/p>\n\n\n\n<div class=\" wp-block-media-text alignwide is-stacked-on-mobile eplus-wrapper\"><figure class=\"wp-block-media-text__media\"><img decoding=\"async\" width=\"819\" height=\"1023\" src=\"https:\/\/www.blogs.unicamp.br\/umoceano2\/wp-content\/uploads\/sites\/285\/2021\/11\/eu.jpeg\" alt=\"\" class=\"wp-image-239 size-full\" srcset=\"https:\/\/www.blogs.unicamp.br\/umoceano\/wp-content\/uploads\/sites\/285\/2021\/11\/eu.jpeg 819w, https:\/\/www.blogs.unicamp.br\/umoceano\/wp-content\/uploads\/sites\/285\/2021\/11\/eu-240x300.jpeg 240w, https:\/\/www.blogs.unicamp.br\/umoceano\/wp-content\/uploads\/sites\/285\/2021\/11\/eu-768x959.jpeg 768w, https:\/\/www.blogs.unicamp.br\/umoceano\/wp-content\/uploads\/sites\/285\/2021\/11\/eu-500x625.jpeg 500w, https:\/\/www.blogs.unicamp.br\/umoceano\/wp-content\/uploads\/sites\/285\/2021\/11\/eu-800x999.jpeg 800w\" sizes=\"(max-width: 819px) 100vw, 819px\" \/><\/figure><div class=\"wp-block-media-text__content\">\n<p class=\" has-large-font-size eplus-wrapper\">J\u00falia Ramos<\/p>\n\n\n\n<p class=\" eplus-wrapper\">Sou bi\u00f3loga especializada em jornalismo Cient\u00edfico do Labjor\/Unicamp. Nascida e criada ao ladinho do mar, minhas coisas favoritas no oceano s\u00e3o os seus mist\u00e9rios e toda a vida que ele abriga, sempre tem algo novo para descobrir.<\/p>\n<\/div><\/div>\n<\/div><\/div>\n\n\n\n<p class=\" eplus-wrapper\"><\/p>\n\n\n\n<div class=\" wp-block-media-text alignwide is-stacked-on-mobile eplus-wrapper\"><figure class=\"wp-block-media-text__media\"><img decoding=\"async\" width=\"767\" height=\"1024\" src=\"https:\/\/www.blogs.unicamp.br\/umoceano2\/wp-content\/uploads\/sites\/285\/2021\/11\/Ju-767x1024.jpeg\" alt=\"\" class=\"wp-image-240 size-full\" srcset=\"https:\/\/www.blogs.unicamp.br\/umoceano\/wp-content\/uploads\/sites\/285\/2021\/11\/Ju-767x1024.jpeg 767w, https:\/\/www.blogs.unicamp.br\/umoceano\/wp-content\/uploads\/sites\/285\/2021\/11\/Ju-225x300.jpeg 225w, https:\/\/www.blogs.unicamp.br\/umoceano\/wp-content\/uploads\/sites\/285\/2021\/11\/Ju-768x1025.jpeg 768w, https:\/\/www.blogs.unicamp.br\/umoceano\/wp-content\/uploads\/sites\/285\/2021\/11\/Ju-500x667.jpeg 500w, https:\/\/www.blogs.unicamp.br\/umoceano\/wp-content\/uploads\/sites\/285\/2021\/11\/Ju-800x1068.jpeg 800w, https:\/\/www.blogs.unicamp.br\/umoceano\/wp-content\/uploads\/sites\/285\/2021\/11\/Ju.jpeg 959w\" sizes=\"(max-width: 767px) 100vw, 767px\" \/><\/figure><div class=\"wp-block-media-text__content\">\n<p class=\" has-large-font-size eplus-wrapper\">Juliana Di Beo<\/p>\n\n\n\n<p class=\" eplus-wrapper\">Sou bi\u00f3loga pela Universidade Estadual de Campinas (Unicamp). Atuo com comunica\u00e7\u00e3o cient\u00edfica para fortalecer a cultura oce\u00e2nica e o acesso aberto ao conhecimento na Rede Ressoa Oceano. O oceano representa para mim o grande ber\u00e7\u00e1rio e alicerce para a vida no planeta. Ele nos conecta com todas as formas de vida, por isso, cada um de n\u00f3s carrega um pouco dele dentro de si.<\/p>\n<\/div><\/div>\n\n\n\n<p class=\" eplus-wrapper\"><\/p>\n\n\n\n<div class=\" wp-block-media-text is-stacked-on-mobile eplus-wrapper\"><figure class=\"wp-block-media-text__media\"><img loading=\"lazy\" decoding=\"async\" width=\"459\" height=\"1024\" src=\"https:\/\/www.blogs.unicamp.br\/umoceano\/wp-content\/uploads\/sites\/285\/2024\/10\/IMG-20240301-WA0014-459x1024.jpg\" alt=\"\" class=\"wp-image-1070 size-full\" srcset=\"https:\/\/www.blogs.unicamp.br\/umoceano\/wp-content\/uploads\/sites\/285\/2024\/10\/IMG-20240301-WA0014-459x1024.jpg 459w, https:\/\/www.blogs.unicamp.br\/umoceano\/wp-content\/uploads\/sites\/285\/2024\/10\/IMG-20240301-WA0014-135x300.jpg 135w, https:\/\/www.blogs.unicamp.br\/umoceano\/wp-content\/uploads\/sites\/285\/2024\/10\/IMG-20240301-WA0014-689x1536.jpg 689w, https:\/\/www.blogs.unicamp.br\/umoceano\/wp-content\/uploads\/sites\/285\/2024\/10\/IMG-20240301-WA0014-500x1115.jpg 500w, https:\/\/www.blogs.unicamp.br\/umoceano\/wp-content\/uploads\/sites\/285\/2024\/10\/IMG-20240301-WA0014.jpg 717w\" sizes=\"(max-width: 459px) 100vw, 459px\" \/><\/figure><div class=\"wp-block-media-text__content\">\n<p class=\" has-large-font-size eplus-wrapper\">Odair Jurukatu<\/p>\n\n\n\n<p class=\" eplus-wrapper\">Sou graduando em ci\u00eancias&nbsp;econ\u00f4micas, pela universidade estadual de campinas&nbsp;(unicamp) sou integrante da rede ressoa oceano, bolsista&nbsp; bolsa aux\u00edlio&nbsp;social (BAS) onde eu ajudo&nbsp;na divulga\u00e7\u00e3o&nbsp;da cultura oce\u00e2nica.<\/p>\n<\/div><\/div>\n\n\n\n<h1 class=\" wp-block-heading eplus-wrapper\">J\u00e1 passou por aqui<\/h1>\n\n\n\n<div class=\" wp-block-media-text alignwide is-stacked-on-mobile eplus-wrapper\"><figure class=\"wp-block-media-text__media\"><img decoding=\"async\" src=\"https:\/\/umoceano.labjor.unicamp.br\/wp-content\/uploads\/2021\/11\/Isa-685x1024.jpg\" alt=\"\" class=\"wp-image-238 size-full\" \/><\/figure><div class=\"wp-block-media-text__content\">\n<h2 class=\" wp-block-heading eplus-wrapper\">Isabela Tosta<\/h2>\n\n\n\n<p class=\" eplus-wrapper\">Meu nome \u00e9 Isabela Tosta e sou graduanda em biologia na UNICAMP. Apaixonada por biologia marinha e divulga\u00e7\u00e3o cient\u00edfica, tenho o sonho de levar as melhores descobertas e experi\u00eancias \u00e0 quem mais precisa. A primeira vez que eu vi o mar n\u00e3o faz muito tempo, e me lembro de sentir medo das \u00e1guas agitadas: era apenas uma comunica\u00e7\u00e3o, um jeito de dizer \u201ceu existo, e te mantenho viva!\u201d. Logo perdi o medo, e a liberdade que o som e a vis\u00e3o do mar trazem s\u00e3o incompar\u00e1veis.<\/p>\n<\/div><\/div>\n\n\n\n<div class=\" wp-block-media-text alignwide is-stacked-on-mobile eplus-wrapper\"><figure class=\"wp-block-media-text__media\"><img decoding=\"async\" src=\"https:\/\/umoceano.labjor.unicamp.br\/wp-content\/uploads\/2021\/11\/debora-1024x768.jpg\" alt=\"\" class=\"wp-image-242 size-full\" \/><\/figure><div class=\"wp-block-media-text__content\">\n<h2 class=\" wp-block-heading eplus-wrapper\">D\u00e9bora Cirqueira Ferreira<\/h2>\n\n\n\n<p class=\" eplus-wrapper\"><em>Sou psic\u00f3loga e atualmente aluna de ci\u00eancias biol\u00f3gicas da Unicamp. Sempre morei no interior, meu contato com o mar e o oceano foi atrav\u00e9s de livros ficcionais como Vinte mil l\u00e9guas submarinas do autor J\u00falio Verne<\/em>.<\/p>\n<\/div><\/div>\n","protected":false},"excerpt":{"rendered":"<p>O blog Um Oceano \u00e9 uma plataforma colaborativa inspirada na\u00a0D\u00e9cada da Ci\u00eancia Oce\u00e2nica para o Desenvolvimento Sustent\u00e1vel (2021-2030), que pretende contribuir sobretudo com o Desafio 10 &#8220;Restaurar a rela\u00e7\u00e3o da sociedade com o oceano&#8221; para sensibilizar, informar e aproximar a sociedade do oceano. Acreditamos na import\u00e2ncia de mostrar como somos [&hellip;]<\/p>\n","protected":false},"author":458,"featured_media":0,"parent":0,"menu_order":0,"comment_status":"closed","ping_status":"closed","template":"","meta":{"_eb_attr":"","_monsterinsights_skip_tracking":false,"_monsterinsights_sitenote_active":false,"_monsterinsights_sitenote_note":"","_monsterinsights_sitenote_category":0,"pgc_sgb_lightbox_settings":"","_vp_format_video_url":"","_vp_image_focal_point":[],"footnotes":""},"class_list":["post-234","page","type-page","status-publish","hentry"],"yoast_head":"<!-- This site is optimized with the Yoast SEO plugin v27.4 - https:\/\/yoast.com\/product\/yoast-seo-wordpress\/ -->\n<title>Sobre N\u00f3s - Um Oceano<\/title>\n<meta name=\"robots\" content=\"index, follow, max-snippet:-1, max-image-preview:large, max-video-preview:-1\" \/>\n<link rel=\"canonical\" href=\"https:\/\/www.blogs.unicamp.br\/umoceano\/sobre-nos\/\" \/>\n<meta property=\"og:locale\" content=\"pt_BR\" \/>\n<meta property=\"og:type\" content=\"article\" \/>\n<meta property=\"og:title\" content=\"Sobre N\u00f3s - Um Oceano\" \/>\n<meta property=\"og:description\" content=\"O blog Um Oceano \u00e9 uma plataforma colaborativa inspirada na\u00a0D\u00e9cada da Ci\u00eancia Oce\u00e2nica para o Desenvolvimento Sustent\u00e1vel (2021-2030), que pretende contribuir sobretudo com o Desafio 10 &#8220;Restaurar a rela\u00e7\u00e3o da sociedade com o oceano&#8221; para sensibilizar, informar e aproximar a sociedade do oceano. Acreditamos na import\u00e2ncia de mostrar como somos [&hellip;]\" \/>\n<meta property=\"og:url\" content=\"https:\/\/www.blogs.unicamp.br\/umoceano\/sobre-nos\/\" \/>\n<meta property=\"og:site_name\" content=\"Um Oceano\" \/>\n<meta property=\"article:modified_time\" content=\"2024-10-16T19:47:35+00:00\" \/>\n<meta property=\"og:image\" content=\"https:\/\/www.blogs.unicamp.br\/umoceano2\/wp-content\/uploads\/sites\/285\/2021\/11\/Germana-Mar.png\" \/>\n<meta name=\"twitter:card\" content=\"summary_large_image\" \/>\n<meta name=\"twitter:label1\" content=\"Est. tempo de leitura\" \/>\n\t<meta name=\"twitter:data1\" content=\"4 minutos\" \/>\n<script type=\"application\/ld+json\" class=\"yoast-schema-graph\">{\"@context\":\"https:\\\/\\\/schema.org\",\"@graph\":[{\"@type\":\"WebPage\",\"@id\":\"https:\\\/\\\/www.blogs.unicamp.br\\\/umoceano\\\/sobre-nos\\\/\",\"url\":\"https:\\\/\\\/www.blogs.unicamp.br\\\/umoceano\\\/sobre-nos\\\/\",\"name\":\"Sobre N\u00f3s - Um Oceano\",\"isPartOf\":{\"@id\":\"https:\\\/\\\/www.blogs.unicamp.br\\\/umoceano\\\/#website\"},\"primaryImageOfPage\":{\"@id\":\"https:\\\/\\\/www.blogs.unicamp.br\\\/umoceano\\\/sobre-nos\\\/#primaryimage\"},\"image\":{\"@id\":\"https:\\\/\\\/www.blogs.unicamp.br\\\/umoceano\\\/sobre-nos\\\/#primaryimage\"},\"thumbnailUrl\":\"https:\\\/\\\/www.blogs.unicamp.br\\\/umoceano2\\\/wp-content\\\/uploads\\\/sites\\\/285\\\/2021\\\/11\\\/Germana-Mar.png\",\"datePublished\":\"2021-11-10T01:35:46+00:00\",\"dateModified\":\"2024-10-16T19:47:35+00:00\",\"breadcrumb\":{\"@id\":\"https:\\\/\\\/www.blogs.unicamp.br\\\/umoceano\\\/sobre-nos\\\/#breadcrumb\"},\"inLanguage\":\"pt-BR\",\"potentialAction\":[{\"@type\":\"ReadAction\",\"target\":[\"https:\\\/\\\/www.blogs.unicamp.br\\\/umoceano\\\/sobre-nos\\\/\"]}]},{\"@type\":\"ImageObject\",\"inLanguage\":\"pt-BR\",\"@id\":\"https:\\\/\\\/www.blogs.unicamp.br\\\/umoceano\\\/sobre-nos\\\/#primaryimage\",\"url\":\"https:\\\/\\\/www.blogs.unicamp.br\\\/umoceano2\\\/wp-content\\\/uploads\\\/sites\\\/285\\\/2021\\\/11\\\/Germana-Mar.png\",\"contentUrl\":\"https:\\\/\\\/www.blogs.unicamp.br\\\/umoceano2\\\/wp-content\\\/uploads\\\/sites\\\/285\\\/2021\\\/11\\\/Germana-Mar.png\"},{\"@type\":\"BreadcrumbList\",\"@id\":\"https:\\\/\\\/www.blogs.unicamp.br\\\/umoceano\\\/sobre-nos\\\/#breadcrumb\",\"itemListElement\":[{\"@type\":\"ListItem\",\"position\":1,\"name\":\"In\u00edcio\",\"item\":\"https:\\\/\\\/www.blogs.unicamp.br\\\/umoceano\\\/\"},{\"@type\":\"ListItem\",\"position\":2,\"name\":\"Sobre N\u00f3s\"}]},{\"@type\":\"WebSite\",\"@id\":\"https:\\\/\\\/www.blogs.unicamp.br\\\/umoceano\\\/#website\",\"url\":\"https:\\\/\\\/www.blogs.unicamp.br\\\/umoceano\\\/\",\"name\":\"Um Oceano\",\"description\":\"Grupo de pesquisa dedicado \u00e0 comunica\u00e7\u00e3o cient\u00edfica sobre o oceano\",\"potentialAction\":[{\"@type\":\"SearchAction\",\"target\":{\"@type\":\"EntryPoint\",\"urlTemplate\":\"https:\\\/\\\/www.blogs.unicamp.br\\\/umoceano\\\/?s={search_term_string}\"},\"query-input\":{\"@type\":\"PropertyValueSpecification\",\"valueRequired\":true,\"valueName\":\"search_term_string\"}}],\"inLanguage\":\"pt-BR\"}]}<\/script>\n<!-- \/ Yoast SEO plugin. -->","yoast_head_json":{"title":"Sobre N\u00f3s - Um Oceano","robots":{"index":"index","follow":"follow","max-snippet":"max-snippet:-1","max-image-preview":"max-image-preview:large","max-video-preview":"max-video-preview:-1"},"canonical":"https:\/\/www.blogs.unicamp.br\/umoceano\/sobre-nos\/","og_locale":"pt_BR","og_type":"article","og_title":"Sobre N\u00f3s - Um Oceano","og_description":"O blog Um Oceano \u00e9 uma plataforma colaborativa inspirada na\u00a0D\u00e9cada da Ci\u00eancia Oce\u00e2nica para o Desenvolvimento Sustent\u00e1vel (2021-2030), que pretende contribuir sobretudo com o Desafio 10 &#8220;Restaurar a rela\u00e7\u00e3o da sociedade com o oceano&#8221; para sensibilizar, informar e aproximar a sociedade do oceano. Acreditamos na import\u00e2ncia de mostrar como somos [&hellip;]","og_url":"https:\/\/www.blogs.unicamp.br\/umoceano\/sobre-nos\/","og_site_name":"Um Oceano","article_modified_time":"2024-10-16T19:47:35+00:00","og_image":[{"url":"https:\/\/www.blogs.unicamp.br\/umoceano2\/wp-content\/uploads\/sites\/285\/2021\/11\/Germana-Mar.png","type":"","width":"","height":""}],"twitter_card":"summary_large_image","twitter_misc":{"Est. tempo de leitura":"4 minutos"},"schema":{"@context":"https:\/\/schema.org","@graph":[{"@type":"WebPage","@id":"https:\/\/www.blogs.unicamp.br\/umoceano\/sobre-nos\/","url":"https:\/\/www.blogs.unicamp.br\/umoceano\/sobre-nos\/","name":"Sobre N\u00f3s - Um Oceano","isPartOf":{"@id":"https:\/\/www.blogs.unicamp.br\/umoceano\/#website"},"primaryImageOfPage":{"@id":"https:\/\/www.blogs.unicamp.br\/umoceano\/sobre-nos\/#primaryimage"},"image":{"@id":"https:\/\/www.blogs.unicamp.br\/umoceano\/sobre-nos\/#primaryimage"},"thumbnailUrl":"https:\/\/www.blogs.unicamp.br\/umoceano2\/wp-content\/uploads\/sites\/285\/2021\/11\/Germana-Mar.png","datePublished":"2021-11-10T01:35:46+00:00","dateModified":"2024-10-16T19:47:35+00:00","breadcrumb":{"@id":"https:\/\/www.blogs.unicamp.br\/umoceano\/sobre-nos\/#breadcrumb"},"inLanguage":"pt-BR","potentialAction":[{"@type":"ReadAction","target":["https:\/\/www.blogs.unicamp.br\/umoceano\/sobre-nos\/"]}]},{"@type":"ImageObject","inLanguage":"pt-BR","@id":"https:\/\/www.blogs.unicamp.br\/umoceano\/sobre-nos\/#primaryimage","url":"https:\/\/www.blogs.unicamp.br\/umoceano2\/wp-content\/uploads\/sites\/285\/2021\/11\/Germana-Mar.png","contentUrl":"https:\/\/www.blogs.unicamp.br\/umoceano2\/wp-content\/uploads\/sites\/285\/2021\/11\/Germana-Mar.png"},{"@type":"BreadcrumbList","@id":"https:\/\/www.blogs.unicamp.br\/umoceano\/sobre-nos\/#breadcrumb","itemListElement":[{"@type":"ListItem","position":1,"name":"In\u00edcio","item":"https:\/\/www.blogs.unicamp.br\/umoceano\/"},{"@type":"ListItem","position":2,"name":"Sobre N\u00f3s"}]},{"@type":"WebSite","@id":"https:\/\/www.blogs.unicamp.br\/umoceano\/#website","url":"https:\/\/www.blogs.unicamp.br\/umoceano\/","name":"Um Oceano","description":"Grupo de pesquisa dedicado \u00e0 comunica\u00e7\u00e3o cient\u00edfica sobre o oceano","potentialAction":[{"@type":"SearchAction","target":{"@type":"EntryPoint","urlTemplate":"https:\/\/www.blogs.unicamp.br\/umoceano\/?s={search_term_string}"},"query-input":{"@type":"PropertyValueSpecification","valueRequired":true,"valueName":"search_term_string"}}],"inLanguage":"pt-BR"}]}},"_links":{"self":[{"href":"https:\/\/www.blogs.unicamp.br\/umoceano\/wp-json\/wp\/v2\/pages\/234","targetHints":{"allow":["GET"]}}],"collection":[{"href":"https:\/\/www.blogs.unicamp.br\/umoceano\/wp-json\/wp\/v2\/pages"}],"about":[{"href":"https:\/\/www.blogs.unicamp.br\/umoceano\/wp-json\/wp\/v2\/types\/page"}],"author":[{"embeddable":true,"href":"https:\/\/www.blogs.unicamp.br\/umoceano\/wp-json\/wp\/v2\/users\/458"}],"replies":[{"embeddable":true,"href":"https:\/\/www.blogs.unicamp.br\/umoceano\/wp-json\/wp\/v2\/comments?post=234"}],"version-history":[{"count":13,"href":"https:\/\/www.blogs.unicamp.br\/umoceano\/wp-json\/wp\/v2\/pages\/234\/revisions"}],"predecessor-version":[{"id":1085,"href":"https:\/\/www.blogs.unicamp.br\/umoceano\/wp-json\/wp\/v2\/pages\/234\/revisions\/1085"}],"wp:attachment":[{"href":"https:\/\/www.blogs.unicamp.br\/umoceano\/wp-json\/wp\/v2\/media?parent=234"}],"curies":[{"name":"wp","href":"https:\/\/api.w.org\/{rel}","templated":true}]}}